{"id":1008,"date":"2021-09-23T19:50:03","date_gmt":"2021-09-23T22:50:03","guid":{"rendered":"https:\/\/ceam.cdtc.unb.br\/index.php\/historias-cruzadas\/hcpg10_aldo_paviani_rfcarta-2\/"},"modified":"2021-09-27T08:51:16","modified_gmt":"2021-09-27T11:51:16","slug":"hcpg105_rayanne_crcarta","status":"publish","type":"page","link":"https:\/\/memoria.ceam.unb.br\/index.php\/historias-cruzadas\/hcpg105_rayanne_crcarta\/","title":{"rendered":"hcpg105_rayanne_CRcarta"},"content":{"rendered":"\n<div class=\"wp-block-image\"><figure class=\"aligncenter size-large\"><img loading=\"lazy\" decoding=\"async\" width=\"1024\" height=\"27\" src=\"https:\/\/ceam.cdtc.unb.br\/wp-content\/uploads\/2021\/09\/cabecalho02_historias_cruzadas-1024x27.jpg\" alt=\"\" class=\"wp-image-554\"\/><\/figure><\/div>\n\n\n<style id=\"kt-blocks_e6a06f-69\">#kt-adv-heading_e6a06f-69, #kt-adv-heading_e6a06f-69 .wp-block-kadence-advancedheading, .wp-block-kadence-advancedheading.kt-adv-heading_e6a06f-69[data-kb-block=\"kb-adv-heading_e6a06f-69\"], .kadence-advanced-heading-wrapper .kt-adv-heading_e6a06f-69[data-kb-block=\"kb-adv-heading_e6a06f-69\"]{text-align:center;color:#167abe;}<\/style>\n<h5 class=\"kt-adv-heading_e6a06f-69 wp-block-kadence-advancedheading\" data-kb-block=\"kb-adv-heading_e6a06f-69\">Rayanne Cristinne &#8211; CARTA DE UMA AMIGA por Cl\u00e1udia Renault<kbd>                             <\/kbd><\/h5>\n\n\n\n<p><\/p>\n\n\n\n<p><\/p>\n\n\n\n<div class=\"wp-block-columns is-layout-flex wp-container-core-columns-is-layout-9d6595d7 wp-block-columns-is-layout-flex\">\n<div class=\"wp-block-column is-layout-flow wp-block-column-is-layout-flow\" style=\"--col-width:5%;flex-basis:5%\"><\/div>\n\n\n\n<div class=\"wp-block-column is-layout-flow wp-block-column-is-layout-flow\" style=\"--col-width:110%;flex-basis:110%\">\n<p>Conheci Rayanne Cristine quando esta era estudante de gradua\u00e7\u00e3o do curso de enfermagem da UnB. Cheia de sonhos, indigena do povo Bar\u00e9 que estava em Bras\u00edlia para buscar estrat\u00e9gias para ajudar seu povo a construir vias para garantir os seus direitos.<\/p>\n\n\n\n<p><br>Participava de v\u00e1rios projetos. Pois precisava adquirir conhecimentos e articular para levar projetos e recursos para os povos ind\u00edgenas. Colocou a sua cara e o nome dos povos ind\u00edgenas em v\u00e1rias conven\u00e7\u00f5es, semin\u00e1rios, confer\u00eancias locais, nacionais e internacionais.<\/p>\n\n\n\n<p><br>Assim seguiu n\u00e3o apenas falando sobre a diversidade dos povos ind\u00edgenas na UnB. Mas em Bras\u00edlia, no Brasil e no mundo a fora. Pois era preciso al\u00e9m da capacita\u00e7\u00e3o e organiza\u00e7\u00e3o pessoal era preciso garantir que os povos ind\u00edgenas tivessem oportunidade de mostrar que tem conhecimento ancestral e \u00e9 preciso mostrar sua cultura e seu espa\u00e7o de protagonismo. E al\u00e9m de tudo promover estes espa\u00e7os de protagonismo.<\/p>\n\n\n\n<p><br>Assim construiu junto com o coletivo a Maloca \u2013 Centro Multicultural dos povos ind\u00edgenas, o Ambulat\u00f3rio de Sa\u00fade Indigena, participou de F\u00f3runs e Confer\u00eancias internacionais marcando o espa\u00e7o dos povos ind\u00edgenas do Brasil e da Am\u00e9rica do sul.<\/p>\n\n\n\n<p><br>Ap\u00f3s sua conclus\u00e3o no Mestrado em Coopera\u00e7\u00e3o Internacional do CEAM, continuou a trabalhar em Organismo Internacional na defesa dos Direitos Humanos. Fez uma bel\u00edssima trajet\u00f3ria acad\u00eamica e profissional dentro dessa universidade como estudante, pesquisadora e ativista pol\u00edtica dos direitos dos povos ind\u00edgenas.<\/p>\n\n\n\n<p><br>Orgulho grande falar dessa Guerreira, Sucesso na trajet\u00f3ria Rayanne Cristine!<\/p>\n\n\n\n<p><br><strong><em>Atenciosamente,<br>Claudia Regina Nunes Renault (Coordenadora Indigena da UnB Assistente Social)<\/em><\/strong><\/p>\n<\/div>\n\n\n\n<div class=\"wp-block-column is-layout-flow wp-block-column-is-layout-flow\" style=\"--col-width:5%;flex-basis:5%\"><\/div>\n<\/div>\n\n\n\n<p><\/p>\n\n\n\n<div class=\"wp-block-kadence-spacer aligncenter kt-block-spacer-_719787-fe\"><div class=\"kt-block-spacer kt-block-spacer-halign-center\" style=\"height:25px\"><hr class=\"kt-divider\" style=\"border-top-color:#eee;border-top-width:1px;width:80%;border-top-style:solid\"\/><\/div><\/div>\n\n\n\n<div class=\"wp-block-columns is-layout-flex wp-container-core-columns-is-layout-9d6595d7 wp-block-columns-is-layout-flex\">\n<div class=\"wp-block-column is-layout-flow wp-block-column-is-layout-flow\" style=\"--col-width:25%;flex-basis:25%\"><style id=\"kt-blocks_c0e94d-9e\">.kt-svg-icons_c0e94d-9e .kt-svg-item-0:hover .kt-svg-icon {color:#0F8B8D!important;}<\/style>\n<div class=\"wp-block-kadence-icon kt-svg-icons kt-svg-icons_c0e94d-9e alignnone\" style=\"text-align:center\"><div class=\"kt-svg-style-default kt-svg-icon-wrap kt-svg-item-0\"><a href=\"https:\/\/ceam.cdtc.unb.br\/index.php\/historias-cruzadas\/hcpg104_rayanneps\/\" class=\"kt-svg-icon-link\"><div style=\"display:inline-flex;justify-content:center;align-items:center;color:#444444\" class=\"kt-svg-icon kt-svg-icon-fe_arrowLeftCircle\"><svg style=\"display:inline-block;vertical-align:middle\" viewbox=\"0 0 24 24\" height=\"50\" width=\"50\" fill=\"none\" stroke=\"currentColor\" xmlns=\"http:\/\/www.w3.org\/2000\/svg\" stroke-width=\"2\" stroke-linecap=\"round\" stroke-linejoin=\"round\"><title>P\u00e1gina Anterior<\/title><circle cx=\"12\" cy=\"12\" r=\"10\"><\/circle><polyline points=\"12 8 8 12 12 16\"><\/polyline><line x1=\"16\" y1=\"12\" x2=\"8\" y2=\"12\"><\/line><\/svg><\/div><\/a><\/div><\/div>\n<\/div>\n\n\n\n<div class=\"wp-block-column is-layout-flow wp-block-column-is-layout-flow\" style=\"--col-width:50%;flex-basis:50%\"><\/div>\n\n\n\n<div class=\"wp-block-column is-layout-flow wp-block-column-is-layout-flow\" style=\"--col-width:25%;flex-basis:25%\"><style id=\"kt-blocks_e51fb2-60\">.kt-svg-icons_e51fb2-60 .kt-svg-item-0:hover .kt-svg-icon {color:#0F8B8D!important;}<\/style>\n<div class=\"wp-block-kadence-icon kt-svg-icons kt-svg-icons_e51fb2-60 alignnone\" style=\"text-align:center\"><div class=\"kt-svg-style-default kt-svg-icon-wrap kt-svg-item-0\"><a href=\"https:\/\/ceam.cdtc.unb.br\/index.php\/historias-cruzadas\/hcpg106_rita_segato-2\/\" class=\"kt-svg-icon-link\"><div style=\"display:inline-flex;justify-content:center;align-items:center;color:#444444\" class=\"kt-svg-icon kt-svg-icon-fe_arrowRightCircle\"><svg style=\"display:inline-block;vertical-align:middle\" viewbox=\"0 0 24 24\" height=\"50\" width=\"50\" fill=\"none\" stroke=\"currentColor\" xmlns=\"http:\/\/www.w3.org\/2000\/svg\" stroke-width=\"2\" stroke-linecap=\"round\" stroke-linejoin=\"round\"><title>Pr\u00f3xima P\u00e1gina<\/title><circle cx=\"12\" cy=\"12\" r=\"10\"><\/circle><polyline points=\"12 16 16 12 12 8\"><\/polyline><line x1=\"8\" y1=\"12\" x2=\"16\" y2=\"12\"><\/line><\/svg><\/div><\/a><\/div><\/div>\n<\/div>\n<\/div>\n","protected":false},"excerpt":{"rendered":"<p>Rayanne Cristinne &#8211; CARTA DE UMA \u2026 <\/p>\n","protected":false},"author":2,"featured_media":0,"parent":77,"menu_order":0,"comment_status":"closed","ping_status":"closed","template":"","meta":{"footnotes":""},"class_list":["post-1008","page","type-page","status-publish","hentry"],"_links":{"self":[{"href":"https:\/\/memoria.ceam.unb.br\/index.php\/wp-json\/wp\/v2\/pages\/1008","targetHints":{"allow":["GET"]}}],"collection":[{"href":"https:\/\/memoria.ceam.unb.br\/index.php\/wp-json\/wp\/v2\/pages"}],"about":[{"href":"https:\/\/memoria.ceam.unb.br\/index.php\/wp-json\/wp\/v2\/types\/page"}],"author":[{"embeddable":true,"href":"https:\/\/memoria.ceam.unb.br\/index.php\/wp-json\/wp\/v2\/users\/2"}],"replies":[{"embeddable":true,"href":"https:\/\/memoria.ceam.unb.br\/index.php\/wp-json\/wp\/v2\/comments?post=1008"}],"version-history":[{"count":3,"href":"https:\/\/memoria.ceam.unb.br\/index.php\/wp-json\/wp\/v2\/pages\/1008\/revisions"}],"predecessor-version":[{"id":1219,"href":"https:\/\/memoria.ceam.unb.br\/index.php\/wp-json\/wp\/v2\/pages\/1008\/revisions\/1219"}],"up":[{"embeddable":true,"href":"https:\/\/memoria.ceam.unb.br\/index.php\/wp-json\/wp\/v2\/pages\/77"}],"wp:attachment":[{"href":"https:\/\/memoria.ceam.unb.br\/index.php\/wp-json\/wp\/v2\/media?parent=1008"}],"curies":[{"name":"wp","href":"https:\/\/api.w.org\/{rel}","templated":true}]}}

<div class="wp-block-image"><figure class="aligncenter size-large"><img loading="lazy" decoding="async" width="1024" height="27" src="https://ceam.cdtc.unb.br/wp-content/uploads/2021/09/cabecalho02_historias_cruzadas-1024x27.jpg" alt="" class="wp-image-554"/></figure></div>


<style id="kt-blocks_e6a06f-69">#kt-adv-heading_e6a06f-69, #kt-adv-heading_e6a06f-69 .wp-block-kadence-advancedheading, .wp-block-kadence-advancedheading.kt-adv-heading_e6a06f-69[data-kb-block="kb-adv-heading_e6a06f-69"], .kadence-advanced-heading-wrapper .kt-adv-heading_e6a06f-69[data-kb-block="kb-adv-heading_e6a06f-69"]{text-align:center;color:#167abe;}</style>
<h5 class="kt-adv-heading_e6a06f-69 wp-block-kadence-advancedheading" data-kb-block="kb-adv-heading_e6a06f-69">Rayanne Cristinne &#8211; CARTA DE UMA AMIGA por Cláudia Renault<kbd>                             </kbd></h5>



<p></p>



<p></p>



<div class="wp-block-columns is-layout-flex wp-container-core-columns-is-layout-9d6595d7 wp-block-columns-is-layout-flex">
<div class="wp-block-column is-layout-flow wp-block-column-is-layout-flow" style="--col-width:5%;flex-basis:5%"></div>



<div class="wp-block-column is-layout-flow wp-block-column-is-layout-flow" style="--col-width:110%;flex-basis:110%">
<p>Conheci Rayanne Cristine quando esta era estudante de graduação do curso de enfermagem da UnB. Cheia de sonhos, indigena do povo Baré que estava em Brasília para buscar estratégias para ajudar seu povo a construir vias para garantir os seus direitos.</p>



<p><br>Participava de vários projetos. Pois precisava adquirir conhecimentos e articular para levar projetos e recursos para os povos indígenas. Colocou a sua cara e o nome dos povos indígenas em várias convenções, seminários, conferências locais, nacionais e internacionais.</p>



<p><br>Assim seguiu não apenas falando sobre a diversidade dos povos indígenas na UnB. Mas em Brasília, no Brasil e no mundo a fora. Pois era preciso além da capacitação e organização pessoal era preciso garantir que os povos indígenas tivessem oportunidade de mostrar que tem conhecimento ancestral e é preciso mostrar sua cultura e seu espaço de protagonismo. E além de tudo promover estes espaços de protagonismo.</p>



<p><br>Assim construiu junto com o coletivo a Maloca – Centro Multicultural dos povos indígenas, o Ambulatório de Saúde Indigena, participou de Fóruns e Conferências internacionais marcando o espaço dos povos indígenas do Brasil e da América do sul.</p>



<p><br>Após sua conclusão no Mestrado em Cooperação Internacional do CEAM, continuou a trabalhar em Organismo Internacional na defesa dos Direitos Humanos. Fez uma belíssima trajetória acadêmica e profissional dentro dessa universidade como estudante, pesquisadora e ativista política dos direitos dos povos indígenas.</p>



<p><br>Orgulho grande falar dessa Guerreira, Sucesso na trajetória Rayanne Cristine!</p>



<p><br><strong><em>Atenciosamente,<br>Claudia Regina Nunes Renault (Coordenadora Indigena da UnB Assistente Social)</em></strong></p>
</div>



<div class="wp-block-column is-layout-flow wp-block-column-is-layout-flow" style="--col-width:5%;flex-basis:5%"></div>
</div>



<p></p>



<div class="wp-block-kadence-spacer aligncenter kt-block-spacer-_719787-fe"><div class="kt-block-spacer kt-block-spacer-halign-center" style="height:25px"><hr class="kt-divider" style="border-top-color:#eee;border-top-width:1px;width:80%;border-top-style:solid"/></div></div>



<div class="wp-block-columns is-layout-flex wp-container-core-columns-is-layout-9d6595d7 wp-block-columns-is-layout-flex">
<div class="wp-block-column is-layout-flow wp-block-column-is-layout-flow" style="--col-width:25%;flex-basis:25%"><style id="kt-blocks_c0e94d-9e">.kt-svg-icons_c0e94d-9e .kt-svg-item-0:hover .kt-svg-icon {color:#0F8B8D!important;}</style>
<div class="wp-block-kadence-icon kt-svg-icons kt-svg-icons_c0e94d-9e alignnone" style="text-align:center"><div class="kt-svg-style-default kt-svg-icon-wrap kt-svg-item-0"><a href="https://ceam.cdtc.unb.br/index.php/historias-cruzadas/hcpg104_rayanneps/" class="kt-svg-icon-link"><div style="display:inline-flex;justify-content:center;align-items:center;color:#444444" class="kt-svg-icon kt-svg-icon-fe_arrowLeftCircle"><svg style="display:inline-block;vertical-align:middle" viewbox="0 0 24 24" height="50" width="50" fill="none" stroke="currentColor" xmlns="http://www.w3.org/2000/svg" stroke-width="2" stroke-linecap="round" stroke-linejoin="round"><title>Página Anterior</title><circle cx="12" cy="12" r="10"></circle><polyline points="12 8 8 12 12 16"></polyline><line x1="16" y1="12" x2="8" y2="12"></line></svg></div></a></div></div>
</div>



<div class="wp-block-column is-layout-flow wp-block-column-is-layout-flow" style="--col-width:50%;flex-basis:50%"></div>



<div class="wp-block-column is-layout-flow wp-block-column-is-layout-flow" style="--col-width:25%;flex-basis:25%"><style id="kt-blocks_e51fb2-60">.kt-svg-icons_e51fb2-60 .kt-svg-item-0:hover .kt-svg-icon {color:#0F8B8D!important;}</style>
<div class="wp-block-kadence-icon kt-svg-icons kt-svg-icons_e51fb2-60 alignnone" style="text-align:center"><div class="kt-svg-style-default kt-svg-icon-wrap kt-svg-item-0"><a href="https://ceam.cdtc.unb.br/index.php/historias-cruzadas/hcpg106_rita_segato-2/" class="kt-svg-icon-link"><div style="display:inline-flex;justify-content:center;align-items:center;color:#444444" class="kt-svg-icon kt-svg-icon-fe_arrowRightCircle"><svg style="display:inline-block;vertical-align:middle" viewbox="0 0 24 24" height="50" width="50" fill="none" stroke="currentColor" xmlns="http://www.w3.org/2000/svg" stroke-width="2" stroke-linecap="round" stroke-linejoin="round"><title>Próxima Página</title><circle cx="12" cy="12" r="10"></circle><polyline points="12 16 16 12 12 8"></polyline><line x1="8" y1="12" x2="16" y2="12"></line></svg></div></a></div></div>
</div>
</div>
