{"id":1114,"date":"2021-09-26T13:11:39","date_gmt":"2021-09-26T16:11:39","guid":{"rendered":"https:\/\/ceam.cdtc.unb.br\/index.php\/historias-cruzadas\/hcpg102_rayannesg-3\/"},"modified":"2021-09-27T09:04:02","modified_gmt":"2021-09-27T12:04:02","slug":"hcpg111_tania_mariavs","status":"publish","type":"page","link":"https:\/\/memoria.ceam.unb.br\/index.php\/historias-cruzadas\/hcpg111_tania_mariavs\/","title":{"rendered":"hcpg111_tania_mariaVS"},"content":{"rendered":"\n<figure class=\"wp-block-image size-large\"><img loading=\"lazy\" decoding=\"async\" width=\"1024\" height=\"27\" src=\"https:\/\/ceam.cdtc.unb.br\/wp-content\/uploads\/2021\/09\/cabecalho02_historias_cruzadas-1024x27.jpg\" alt=\"\" class=\"wp-image-554\"\/><\/figure>\n\n\n\n<figure class=\"wp-block-audio\"><audio controls src=\"https:\/\/ceam.cdtc.unb.br\/wp-content\/uploads\/2021\/09\/Tania-Maria-Vania-Sousa.mp3\"><\/audio><\/figure>\n\n\n<style id=\"kt-blocks_20df2c-41\">#kt-adv-heading_20df2c-41, #kt-adv-heading_20df2c-41 .wp-block-kadence-advancedheading, .wp-block-kadence-advancedheading.kt-adv-heading_20df2c-41[data-kb-block=\"kb-adv-heading_20df2c-41\"], .kadence-advanced-heading-wrapper .kt-adv-heading_20df2c-41[data-kb-block=\"kb-adv-heading_20df2c-41\"]{text-align:center;color:#167abe;}<\/style>\n<h5 class=\"kt-adv-heading_20df2c-41 wp-block-kadence-advancedheading\" data-kb-block=\"kb-adv-heading_20df2c-41\">Mundo-UnB &#8211; Por V\u00e2nia dos Reis Souza<\/h5>\n\n\n\n<p><\/p>\n\n\n\n<div class=\"wp-block-columns is-layout-flex wp-container-core-columns-is-layout-9d6595d7 wp-block-columns-is-layout-flex\">\n<div class=\"wp-block-column is-layout-flow wp-block-column-is-layout-flow\" style=\"--col-width:15%;flex-basis:15%\"><\/div>\n\n\n\n<div class=\"wp-block-column is-layout-flow wp-block-column-is-layout-flow\" style=\"--col-width:100%;flex-basis:100%\">\n<p class=\"has-text-align-center\">T\u00e2nia entrou na UNB h\u00e1 4 anos.<br>Para trabalhar.<br>Em fevereiro de 2019: a demiss\u00e3o<br>Precariza\u00e7\u00e3o \u2013 desemprego.<br>\u201cSa\u00ed de um mundinho e conheci\u201d:<br>O mundo<br>As coisas<br>Ambientes<br>Pessoas.<br>Muita aprendizagem para a vida!<br>25 culturas diferentes \u2013 em um dia<br>\u201cNo meu balc\u00e3o!<br>Todos enxergam?\u201d<br>Tamb\u00e9m consultora, vendedora e volunt\u00e1ria.<br>\u201cSa\u00ed do meu mundinho!\u201d<br>A UNB \u00e9 uma m\u00e3e:<br>Boa e m\u00e1 \u2013 como todas as outras!<br>Saudade das amizades de:<br>Professores<br>Alunos<br>Bichinhos \u2013 gatos estimados<br>Pessoas &#8211; explos\u00e3o de sentimentos!<br>Na UNB, envolvimento \u2013 questionei:<br>O que \u00e9 pol\u00edtica, racismo e preconceito?<br>\u201cConheci o mundo inteiro<br>Dentro da UNB\u201d<\/p>\n<\/div>\n\n\n\n<div class=\"wp-block-column is-layout-flow wp-block-column-is-layout-flow\" style=\"--col-width:15%;flex-basis:15%\"><\/div>\n<\/div>\n\n\n\n<div class=\"wp-block-kadence-spacer aligncenter kt-block-spacer-_ec2425-a2\"><div class=\"kt-block-spacer kt-block-spacer-halign-center\" style=\"height:25px\"><hr class=\"kt-divider\" style=\"border-top-color:#eee;border-top-width:1px;width:80%;border-top-style:solid\"\/><\/div><\/div>\n\n\n\n<div class=\"wp-block-columns is-layout-flex wp-container-core-columns-is-layout-9d6595d7 wp-block-columns-is-layout-flex\">\n<div class=\"wp-block-column is-layout-flow wp-block-column-is-layout-flow\" style=\"--col-width:25%;flex-basis:25%\"><style id=\"kt-blocks_957cab-4e\">.kt-svg-icons_957cab-4e .kt-svg-item-0:hover .kt-svg-icon {color:#0F8B8D!important;}<\/style>\n<div class=\"wp-block-kadence-icon kt-svg-icons kt-svg-icons_957cab-4e alignnone\" style=\"text-align:center\"><div class=\"kt-svg-style-default kt-svg-icon-wrap kt-svg-item-0\"><a href=\"https:\/\/ceam.cdtc.unb.br\/index.php\/historias-cruzadas\/hcpg110_tania_maria\/\" class=\"kt-svg-icon-link\"><div style=\"display:inline-flex;justify-content:center;align-items:center;color:#444444\" class=\"kt-svg-icon kt-svg-icon-fe_arrowLeftCircle\"><svg style=\"display:inline-block;vertical-align:middle\" viewbox=\"0 0 24 24\" height=\"50\" width=\"50\" fill=\"none\" stroke=\"currentColor\" xmlns=\"http:\/\/www.w3.org\/2000\/svg\" stroke-width=\"2\" stroke-linecap=\"round\" stroke-linejoin=\"round\"><title>P\u00e1gina Anterior<\/title><circle cx=\"12\" cy=\"12\" r=\"10\"><\/circle><polyline points=\"12 8 8 12 12 16\"><\/polyline><line x1=\"16\" y1=\"12\" x2=\"8\" y2=\"12\"><\/line><\/svg><\/div><\/a><\/div><\/div>\n<\/div>\n\n\n\n<div class=\"wp-block-column is-layout-flow wp-block-column-is-layout-flow\" style=\"--col-width:50%;flex-basis:50%\"><\/div>\n\n\n\n<div class=\"wp-block-column is-layout-flow wp-block-column-is-layout-flow\" style=\"--col-width:25%;flex-basis:25%\"><style id=\"kt-blocks_a20bf9-b5\">.kt-svg-icons_a20bf9-b5 .kt-svg-item-0:hover .kt-svg-icon {color:#0F8B8D!important;}<\/style>\n<div class=\"wp-block-kadence-icon kt-svg-icons kt-svg-icons_a20bf9-b5 alignnone\" style=\"text-align:center\"><div class=\"kt-svg-style-default kt-svg-icon-wrap kt-svg-item-0\"><a href=\"https:\/\/ceam.cdtc.unb.br\/index.php\/historias-cruzadas\/hcpg112_tania_mariaym\/\" class=\"kt-svg-icon-link\"><div style=\"display:inline-flex;justify-content:center;align-items:center;color:#444444\" class=\"kt-svg-icon kt-svg-icon-fe_arrowRightCircle\"><svg style=\"display:inline-block;vertical-align:middle\" viewbox=\"0 0 24 24\" height=\"50\" width=\"50\" fill=\"none\" stroke=\"currentColor\" xmlns=\"http:\/\/www.w3.org\/2000\/svg\" stroke-width=\"2\" stroke-linecap=\"round\" stroke-linejoin=\"round\"><title>Pr\u00f3xima P\u00e1gina<\/title><circle cx=\"12\" cy=\"12\" r=\"10\"><\/circle><polyline points=\"12 16 16 12 12 8\"><\/polyline><line x1=\"8\" y1=\"12\" x2=\"16\" y2=\"12\"><\/line><\/svg><\/div><\/a><\/div><\/div>\n<\/div>\n<\/div>\n","protected":false},"excerpt":{"rendered":"<p>Mundo-UnB &#8211; Por V\u00e2nia dos Reis \u2026 <\/p>\n","protected":false},"author":2,"featured_media":0,"parent":77,"menu_order":0,"comment_status":"closed","ping_status":"closed","template":"","meta":{"footnotes":""},"class_list":["post-1114","page","type-page","status-publish","hentry"],"_links":{"self":[{"href":"https:\/\/memoria.ceam.unb.br\/index.php\/wp-json\/wp\/v2\/pages\/1114","targetHints":{"allow":["GET"]}}],"collection":[{"href":"https:\/\/memoria.ceam.unb.br\/index.php\/wp-json\/wp\/v2\/pages"}],"about":[{"href":"https:\/\/memoria.ceam.unb.br\/index.php\/wp-json\/wp\/v2\/types\/page"}],"author":[{"embeddable":true,"href":"https:\/\/memoria.ceam.unb.br\/index.php\/wp-json\/wp\/v2\/users\/2"}],"replies":[{"embeddable":true,"href":"https:\/\/memoria.ceam.unb.br\/index.php\/wp-json\/wp\/v2\/comments?post=1114"}],"version-history":[{"count":2,"href":"https:\/\/memoria.ceam.unb.br\/index.php\/wp-json\/wp\/v2\/pages\/1114\/revisions"}],"predecessor-version":[{"id":1226,"href":"https:\/\/memoria.ceam.unb.br\/index.php\/wp-json\/wp\/v2\/pages\/1114\/revisions\/1226"}],"up":[{"embeddable":true,"href":"https:\/\/memoria.ceam.unb.br\/index.php\/wp-json\/wp\/v2\/pages\/77"}],"wp:attachment":[{"href":"https:\/\/memoria.ceam.unb.br\/index.php\/wp-json\/wp\/v2\/media?parent=1114"}],"curies":[{"name":"wp","href":"https:\/\/api.w.org\/{rel}","templated":true}]}}

<figure class="wp-block-image size-large"><img loading="lazy" decoding="async" width="1024" height="27" src="https://ceam.cdtc.unb.br/wp-content/uploads/2021/09/cabecalho02_historias_cruzadas-1024x27.jpg" alt="" class="wp-image-554"/></figure>



<figure class="wp-block-audio"><audio controls src="https://ceam.cdtc.unb.br/wp-content/uploads/2021/09/Tania-Maria-Vania-Sousa.mp3"></audio></figure>


<style id="kt-blocks_20df2c-41">#kt-adv-heading_20df2c-41, #kt-adv-heading_20df2c-41 .wp-block-kadence-advancedheading, .wp-block-kadence-advancedheading.kt-adv-heading_20df2c-41[data-kb-block="kb-adv-heading_20df2c-41"], .kadence-advanced-heading-wrapper .kt-adv-heading_20df2c-41[data-kb-block="kb-adv-heading_20df2c-41"]{text-align:center;color:#167abe;}</style>
<h5 class="kt-adv-heading_20df2c-41 wp-block-kadence-advancedheading" data-kb-block="kb-adv-heading_20df2c-41">Mundo-UnB &#8211; Por Vânia dos Reis Souza</h5>



<p></p>



<div class="wp-block-columns is-layout-flex wp-container-core-columns-is-layout-9d6595d7 wp-block-columns-is-layout-flex">
<div class="wp-block-column is-layout-flow wp-block-column-is-layout-flow" style="--col-width:15%;flex-basis:15%"></div>



<div class="wp-block-column is-layout-flow wp-block-column-is-layout-flow" style="--col-width:100%;flex-basis:100%">
<p class="has-text-align-center">Tânia entrou na UNB há 4 anos.<br>Para trabalhar.<br>Em fevereiro de 2019: a demissão<br>Precarização – desemprego.<br>“Saí de um mundinho e conheci”:<br>O mundo<br>As coisas<br>Ambientes<br>Pessoas.<br>Muita aprendizagem para a vida!<br>25 culturas diferentes – em um dia<br>“No meu balcão!<br>Todos enxergam?”<br>Também consultora, vendedora e voluntária.<br>“Saí do meu mundinho!”<br>A UNB é uma mãe:<br>Boa e má – como todas as outras!<br>Saudade das amizades de:<br>Professores<br>Alunos<br>Bichinhos – gatos estimados<br>Pessoas &#8211; explosão de sentimentos!<br>Na UNB, envolvimento – questionei:<br>O que é política, racismo e preconceito?<br>“Conheci o mundo inteiro<br>Dentro da UNB”</p>
</div>



<div class="wp-block-column is-layout-flow wp-block-column-is-layout-flow" style="--col-width:15%;flex-basis:15%"></div>
</div>



<div class="wp-block-kadence-spacer aligncenter kt-block-spacer-_ec2425-a2"><div class="kt-block-spacer kt-block-spacer-halign-center" style="height:25px"><hr class="kt-divider" style="border-top-color:#eee;border-top-width:1px;width:80%;border-top-style:solid"/></div></div>



<div class="wp-block-columns is-layout-flex wp-container-core-columns-is-layout-9d6595d7 wp-block-columns-is-layout-flex">
<div class="wp-block-column is-layout-flow wp-block-column-is-layout-flow" style="--col-width:25%;flex-basis:25%"><style id="kt-blocks_957cab-4e">.kt-svg-icons_957cab-4e .kt-svg-item-0:hover .kt-svg-icon {color:#0F8B8D!important;}</style>
<div class="wp-block-kadence-icon kt-svg-icons kt-svg-icons_957cab-4e alignnone" style="text-align:center"><div class="kt-svg-style-default kt-svg-icon-wrap kt-svg-item-0"><a href="https://ceam.cdtc.unb.br/index.php/historias-cruzadas/hcpg110_tania_maria/" class="kt-svg-icon-link"><div style="display:inline-flex;justify-content:center;align-items:center;color:#444444" class="kt-svg-icon kt-svg-icon-fe_arrowLeftCircle"><svg style="display:inline-block;vertical-align:middle" viewbox="0 0 24 24" height="50" width="50" fill="none" stroke="currentColor" xmlns="http://www.w3.org/2000/svg" stroke-width="2" stroke-linecap="round" stroke-linejoin="round"><title>Página Anterior</title><circle cx="12" cy="12" r="10"></circle><polyline points="12 8 8 12 12 16"></polyline><line x1="16" y1="12" x2="8" y2="12"></line></svg></div></a></div></div>
</div>



<div class="wp-block-column is-layout-flow wp-block-column-is-layout-flow" style="--col-width:50%;flex-basis:50%"></div>



<div class="wp-block-column is-layout-flow wp-block-column-is-layout-flow" style="--col-width:25%;flex-basis:25%"><style id="kt-blocks_a20bf9-b5">.kt-svg-icons_a20bf9-b5 .kt-svg-item-0:hover .kt-svg-icon {color:#0F8B8D!important;}</style>
<div class="wp-block-kadence-icon kt-svg-icons kt-svg-icons_a20bf9-b5 alignnone" style="text-align:center"><div class="kt-svg-style-default kt-svg-icon-wrap kt-svg-item-0"><a href="https://ceam.cdtc.unb.br/index.php/historias-cruzadas/hcpg112_tania_mariaym/" class="kt-svg-icon-link"><div style="display:inline-flex;justify-content:center;align-items:center;color:#444444" class="kt-svg-icon kt-svg-icon-fe_arrowRightCircle"><svg style="display:inline-block;vertical-align:middle" viewbox="0 0 24 24" height="50" width="50" fill="none" stroke="currentColor" xmlns="http://www.w3.org/2000/svg" stroke-width="2" stroke-linecap="round" stroke-linejoin="round"><title>Próxima Página</title><circle cx="12" cy="12" r="10"></circle><polyline points="12 16 16 12 12 8"></polyline><line x1="8" y1="12" x2="16" y2="12"></line></svg></div></a></div></div>
</div>
</div>

<p>Mundo-UnB &#8211; Por Vânia dos Reis … </p>
