{"id":1117,"date":"2021-09-26T13:13:49","date_gmt":"2021-09-26T16:13:49","guid":{"rendered":"https:\/\/ceam.cdtc.unb.br\/index.php\/historias-cruzadas\/hcpg111_tania_mariavs-2\/"},"modified":"2021-09-27T09:05:22","modified_gmt":"2021-09-27T12:05:22","slug":"hcpg112_tania_mariaym","status":"publish","type":"page","link":"https:\/\/memoria.ceam.unb.br\/index.php\/historias-cruzadas\/hcpg112_tania_mariaym\/","title":{"rendered":"hcpg112_tania_mariaYM"},"content":{"rendered":"\n<figure class=\"wp-block-image size-large\"><img loading=\"lazy\" decoding=\"async\" width=\"1024\" height=\"27\" src=\"https:\/\/ceam.cdtc.unb.br\/wp-content\/uploads\/2021\/09\/cabecalho01_historias_cruzadas-1024x27.jpg\" alt=\"\" class=\"wp-image-553\"\/><\/figure>\n\n\n\n<figure class=\"wp-block-audio\"><audio controls src=\"https:\/\/ceam.cdtc.unb.br\/wp-content\/uploads\/2021\/09\/Tania-Maria-Yara-Martinelli-1.mp3\"><\/audio><\/figure>\n\n\n<style id=\"kt-blocks_20df2c-41\">#kt-adv-heading_20df2c-41, #kt-adv-heading_20df2c-41 .wp-block-kadence-advancedheading, .wp-block-kadence-advancedheading.kt-adv-heading_20df2c-41[data-kb-block=\"kb-adv-heading_20df2c-41\"], .kadence-advanced-heading-wrapper .kt-adv-heading_20df2c-41[data-kb-block=\"kb-adv-heading_20df2c-41\"]{text-align:center;color:#167abe;}<\/style>\n<h5 class=\"kt-adv-heading_20df2c-41 wp-block-kadence-advancedheading\" data-kb-block=\"kb-adv-heading_20df2c-41\">Homenagem a T\u00e2nia Maria da Costa &#8211; Por Yara Martinelli<\/h5>\n\n\n\n<p><\/p>\n\n\n\n<div class=\"wp-block-columns is-layout-flex wp-container-core-columns-is-layout-9d6595d7 wp-block-columns-is-layout-flex\">\n<div class=\"wp-block-column is-layout-flow wp-block-column-is-layout-flow\" style=\"--col-width:15%;flex-basis:15%\"><\/div>\n\n\n\n<div class=\"wp-block-column is-layout-flow wp-block-column-is-layout-flow\" style=\"--col-width:100%;flex-basis:100%\">\n<p>T\u00e2nia \u00e9 mulher forte. Nasceu luta, embora ainda n\u00e3o soubesse \u00e0 \u00e9poca. Mineira de Juazeiro de Minas, veio com 4 anos pra capital. Em busca de oportunidade, m\u00e3e,  pai e os irm\u00e3os se instalaram em Planaltina. Trabalhou com tudo um pouco, mas sempre com gente. \u201cSou muito comunicativa\u201d disse entre os dentes de seu sorriso aconchegante. Apesar das dores, T\u00e2nia sempre teve for\u00e7a e alegria.<\/p>\n\n\n\n<p><br>Foi num dia do ano de 2016 que recebeu papel e contrato pra assinar seu nome: portaria do ICC Sul, terceirizada, 3 \u00f4nibus pra ir e 3 pra voltar, 8h por dia, sal\u00e1rio mal pago. Mal tamb\u00e9m sabia o tamanho da transforma\u00e7\u00e3o que essa assinatura causaria. No primeiro dia de trabalho n\u00e3o acreditou no mundo que via. Tudo era novo, lindo e desafiador.<\/p>\n\n\n\n<p><br>Se reconheceu luta na UnB. Mulher alta e sorridente, de olhos atentos, cora\u00e7\u00e3o<br>grande, sotaque mineiro. Carism\u00e1tica. No dia a dia duro e cansativo, T\u00e2nia foi<br>conversando com cada um que passava: professoras, alunas, terceirizadas. Conheceu o mundo inteiro de dentro de um balc\u00e3o. Conta toda alegre: n\u00e3o precisou sair de l\u00e1 para conhecer o Brasil todo em apenas um dia.<\/p>\n\n\n\n<p><br>Aprendeu coisas novas sobre a vida, ensinou para quem estivesse atento. Percebeu a desigualdade, se envolveu com o sindicato. Assim, viu que era luta. Reivindicar, saber de seus direitos. Essa \u00e9 uma daquelas coisas que quando se aprende, n\u00e3o tem volta. A ignor\u00e2ncia \u00e9 uma d\u00e1diva? Talvez. O fato \u00e9: T\u00e2nia n\u00e3o parou. Abriu a boca para nunca mais fechar. Entre os dentes de seu sorriso aconchegante, muitas palavras fortes sa\u00edram.<\/p>\n\n\n\n<p><br>Vieram os cortes e tudo mudou. \u201cPEC da Morte\u201d. Literalmente. Na injusti\u00e7a, T\u00e2nia encontrou motivo. No desespero das companheiras terceirizadas, prop\u00f3sito. E tudo se transformou. Ganhou espa\u00e7o pol\u00edtico no sindicato, fez viagem. Explicou milhares de vezes aos companheiros: estavam sendo enganados, destratados. Lutar era dever, porque ficar era direito. Mesmo assim, as demiss\u00f5es chegaram. Com elas, persegui\u00e7\u00e3o pol\u00edtica. T\u00e2nia demitida. Depois disso, ansiedade. Frustra\u00e7\u00e3o e impot\u00eancia. Priva\u00e7\u00e3o. Peso da responsabilidade por quem representava. E a luta em T\u00e2nia precisou encontrar outro caminho pra desaguar, ou se afogaria. Se reinventou \u2013 teve de se reinventar<\/p>\n\n\n\n<p>.<br>Ficou amiga de cada gato que anda no ICC, e alimenta cada um deles como se<br>fossem seus pr\u00f3prios filhos. \u201c\u00c9 o que mais sinto falta\u201d, diz acariciando o felino de nome \u201camiguinho\u201d. T\u00e2nia segue sem a Universidade. Passa bem. Os efeitos provocados pelo tempo em que esteve l\u00e1 ser\u00e3o eternos. Mas e a universidade sem T\u00e2nia, como fica?<\/p>\n\n\n\n<p><br>Precisamos refletir sobre a Universidade que queremos!<\/p>\n<\/div>\n\n\n\n<div class=\"wp-block-column is-layout-flow wp-block-column-is-layout-flow\" style=\"--col-width:15%;flex-basis:15%\"><\/div>\n<\/div>\n\n\n\n<div class=\"wp-block-kadence-spacer aligncenter kt-block-spacer-_ec2425-a2\"><div class=\"kt-block-spacer kt-block-spacer-halign-center\" style=\"height:25px\"><hr class=\"kt-divider\" style=\"border-top-color:#eee;border-top-width:1px;width:80%;border-top-style:solid\"\/><\/div><\/div>\n\n\n\n<div class=\"wp-block-columns is-layout-flex wp-container-core-columns-is-layout-9d6595d7 wp-block-columns-is-layout-flex\">\n<div class=\"wp-block-column is-layout-flow wp-block-column-is-layout-flow\" style=\"--col-width:25%;flex-basis:25%\"><style id=\"kt-blocks_957cab-4e\">.kt-svg-icons_957cab-4e .kt-svg-item-0:hover .kt-svg-icon {color:#0F8B8D!important;}<\/style>\n<div class=\"wp-block-kadence-icon kt-svg-icons kt-svg-icons_957cab-4e alignnone\" style=\"text-align:center\"><div class=\"kt-svg-style-default kt-svg-icon-wrap kt-svg-item-0\"><a href=\"https:\/\/ceam.cdtc.unb.br\/index.php\/historias-cruzadas\/hcpg111_tania_mariavs\/\" class=\"kt-svg-icon-link\"><div style=\"display:inline-flex;justify-content:center;align-items:center;color:#444444\" class=\"kt-svg-icon kt-svg-icon-fe_arrowLeftCircle\"><svg style=\"display:inline-block;vertical-align:middle\" viewbox=\"0 0 24 24\" height=\"50\" width=\"50\" fill=\"none\" stroke=\"currentColor\" xmlns=\"http:\/\/www.w3.org\/2000\/svg\" stroke-width=\"2\" stroke-linecap=\"round\" stroke-linejoin=\"round\"><title>P\u00e1gina Anterior<\/title><circle cx=\"12\" cy=\"12\" r=\"10\"><\/circle><polyline points=\"12 8 8 12 12 16\"><\/polyline><line x1=\"16\" y1=\"12\" x2=\"8\" y2=\"12\"><\/line><\/svg><\/div><\/a><\/div><\/div>\n<\/div>\n\n\n\n<div class=\"wp-block-column is-layout-flow wp-block-column-is-layout-flow\" style=\"--col-width:50%;flex-basis:50%\"><\/div>\n\n\n\n<div class=\"wp-block-column is-layout-flow wp-block-column-is-layout-flow\" style=\"--col-width:25%;flex-basis:25%\"><style id=\"kt-blocks_a20bf9-b5\">.kt-svg-icons_a20bf9-b5 .kt-svg-item-0:hover .kt-svg-icon {color:#0F8B8D!important;}<\/style>\n<div class=\"wp-block-kadence-icon kt-svg-icons kt-svg-icons_a20bf9-b5 alignnone\" style=\"text-align:center\"><div class=\"kt-svg-style-default kt-svg-icon-wrap kt-svg-item-0\"><a href=\"https:\/\/ceam.cdtc.unb.br\/index.php\/historias-cruzadas\/hcpg113_tania_mariadm\/\" class=\"kt-svg-icon-link\"><div style=\"display:inline-flex;justify-content:center;align-items:center;color:#444444\" class=\"kt-svg-icon kt-svg-icon-fe_arrowRightCircle\"><svg style=\"display:inline-block;vertical-align:middle\" viewbox=\"0 0 24 24\" height=\"50\" width=\"50\" fill=\"none\" stroke=\"currentColor\" xmlns=\"http:\/\/www.w3.org\/2000\/svg\" stroke-width=\"2\" stroke-linecap=\"round\" stroke-linejoin=\"round\"><title>Pr\u00f3xima P\u00e1gina<\/title><circle cx=\"12\" cy=\"12\" r=\"10\"><\/circle><polyline points=\"12 16 16 12 12 8\"><\/polyline><line x1=\"8\" y1=\"12\" x2=\"16\" y2=\"12\"><\/line><\/svg><\/div><\/a><\/div><\/div>\n<\/div>\n<\/div>\n","protected":false},"excerpt":{"rendered":"<p>Homenagem a T\u00e2nia Maria da Costa \u2026 <\/p>\n","protected":false},"author":2,"featured_media":0,"parent":77,"menu_order":0,"comment_status":"closed","ping_status":"closed","template":"","meta":{"footnotes":""},"class_list":["post-1117","page","type-page","status-publish","hentry"],"_links":{"self":[{"href":"https:\/\/memoria.ceam.unb.br\/index.php\/wp-json\/wp\/v2\/pages\/1117","targetHints":{"allow":["GET"]}}],"collection":[{"href":"https:\/\/memoria.ceam.unb.br\/index.php\/wp-json\/wp\/v2\/pages"}],"about":[{"href":"https:\/\/memoria.ceam.unb.br\/index.php\/wp-json\/wp\/v2\/types\/page"}],"author":[{"embeddable":true,"href":"https:\/\/memoria.ceam.unb.br\/index.php\/wp-json\/wp\/v2\/users\/2"}],"replies":[{"embeddable":true,"href":"https:\/\/memoria.ceam.unb.br\/index.php\/wp-json\/wp\/v2\/comments?post=1117"}],"version-history":[{"count":3,"href":"https:\/\/memoria.ceam.unb.br\/index.php\/wp-json\/wp\/v2\/pages\/1117\/revisions"}],"predecessor-version":[{"id":1227,"href":"https:\/\/memoria.ceam.unb.br\/index.php\/wp-json\/wp\/v2\/pages\/1117\/revisions\/1227"}],"up":[{"embeddable":true,"href":"https:\/\/memoria.ceam.unb.br\/index.php\/wp-json\/wp\/v2\/pages\/77"}],"wp:attachment":[{"href":"https:\/\/memoria.ceam.unb.br\/index.php\/wp-json\/wp\/v2\/media?parent=1117"}],"curies":[{"name":"wp","href":"https:\/\/api.w.org\/{rel}","templated":true}]}}

<figure class="wp-block-image size-large"><img loading="lazy" decoding="async" width="1024" height="27" src="https://ceam.cdtc.unb.br/wp-content/uploads/2021/09/cabecalho01_historias_cruzadas-1024x27.jpg" alt="" class="wp-image-553"/></figure>



<figure class="wp-block-audio"><audio controls src="https://ceam.cdtc.unb.br/wp-content/uploads/2021/09/Tania-Maria-Yara-Martinelli-1.mp3"></audio></figure>


<style id="kt-blocks_20df2c-41">#kt-adv-heading_20df2c-41, #kt-adv-heading_20df2c-41 .wp-block-kadence-advancedheading, .wp-block-kadence-advancedheading.kt-adv-heading_20df2c-41[data-kb-block="kb-adv-heading_20df2c-41"], .kadence-advanced-heading-wrapper .kt-adv-heading_20df2c-41[data-kb-block="kb-adv-heading_20df2c-41"]{text-align:center;color:#167abe;}</style>
<h5 class="kt-adv-heading_20df2c-41 wp-block-kadence-advancedheading" data-kb-block="kb-adv-heading_20df2c-41">Homenagem a Tânia Maria da Costa &#8211; Por Yara Martinelli</h5>



<p></p>



<div class="wp-block-columns is-layout-flex wp-container-core-columns-is-layout-9d6595d7 wp-block-columns-is-layout-flex">
<div class="wp-block-column is-layout-flow wp-block-column-is-layout-flow" style="--col-width:15%;flex-basis:15%"></div>



<div class="wp-block-column is-layout-flow wp-block-column-is-layout-flow" style="--col-width:100%;flex-basis:100%">
<p>Tânia é mulher forte. Nasceu luta, embora ainda não soubesse à época. Mineira de Juazeiro de Minas, veio com 4 anos pra capital. Em busca de oportunidade, mãe,  pai e os irmãos se instalaram em Planaltina. Trabalhou com tudo um pouco, mas sempre com gente. “Sou muito comunicativa” disse entre os dentes de seu sorriso aconchegante. Apesar das dores, Tânia sempre teve força e alegria.</p>



<p><br>Foi num dia do ano de 2016 que recebeu papel e contrato pra assinar seu nome: portaria do ICC Sul, terceirizada, 3 ônibus pra ir e 3 pra voltar, 8h por dia, salário mal pago. Mal também sabia o tamanho da transformação que essa assinatura causaria. No primeiro dia de trabalho não acreditou no mundo que via. Tudo era novo, lindo e desafiador.</p>



<p><br>Se reconheceu luta na UnB. Mulher alta e sorridente, de olhos atentos, coração<br>grande, sotaque mineiro. Carismática. No dia a dia duro e cansativo, Tânia foi<br>conversando com cada um que passava: professoras, alunas, terceirizadas. Conheceu o mundo inteiro de dentro de um balcão. Conta toda alegre: não precisou sair de lá para conhecer o Brasil todo em apenas um dia.</p>



<p><br>Aprendeu coisas novas sobre a vida, ensinou para quem estivesse atento. Percebeu a desigualdade, se envolveu com o sindicato. Assim, viu que era luta. Reivindicar, saber de seus direitos. Essa é uma daquelas coisas que quando se aprende, não tem volta. A ignorância é uma dádiva? Talvez. O fato é: Tânia não parou. Abriu a boca para nunca mais fechar. Entre os dentes de seu sorriso aconchegante, muitas palavras fortes saíram.</p>



<p><br>Vieram os cortes e tudo mudou. “PEC da Morte”. Literalmente. Na injustiça, Tânia encontrou motivo. No desespero das companheiras terceirizadas, propósito. E tudo se transformou. Ganhou espaço político no sindicato, fez viagem. Explicou milhares de vezes aos companheiros: estavam sendo enganados, destratados. Lutar era dever, porque ficar era direito. Mesmo assim, as demissões chegaram. Com elas, perseguição política. Tânia demitida. Depois disso, ansiedade. Frustração e impotência. Privação. Peso da responsabilidade por quem representava. E a luta em Tânia precisou encontrar outro caminho pra desaguar, ou se afogaria. Se reinventou – teve de se reinventar</p>



<p>.<br>Ficou amiga de cada gato que anda no ICC, e alimenta cada um deles como se<br>fossem seus próprios filhos. “É o que mais sinto falta”, diz acariciando o felino de nome “amiguinho”. Tânia segue sem a Universidade. Passa bem. Os efeitos provocados pelo tempo em que esteve lá serão eternos. Mas e a universidade sem Tânia, como fica?</p>



<p><br>Precisamos refletir sobre a Universidade que queremos!</p>
</div>



<div class="wp-block-column is-layout-flow wp-block-column-is-layout-flow" style="--col-width:15%;flex-basis:15%"></div>
</div>



<div class="wp-block-kadence-spacer aligncenter kt-block-spacer-_ec2425-a2"><div class="kt-block-spacer kt-block-spacer-halign-center" style="height:25px"><hr class="kt-divider" style="border-top-color:#eee;border-top-width:1px;width:80%;border-top-style:solid"/></div></div>



<div class="wp-block-columns is-layout-flex wp-container-core-columns-is-layout-9d6595d7 wp-block-columns-is-layout-flex">
<div class="wp-block-column is-layout-flow wp-block-column-is-layout-flow" style="--col-width:25%;flex-basis:25%"><style id="kt-blocks_957cab-4e">.kt-svg-icons_957cab-4e .kt-svg-item-0:hover .kt-svg-icon {color:#0F8B8D!important;}</style>
<div class="wp-block-kadence-icon kt-svg-icons kt-svg-icons_957cab-4e alignnone" style="text-align:center"><div class="kt-svg-style-default kt-svg-icon-wrap kt-svg-item-0"><a href="https://ceam.cdtc.unb.br/index.php/historias-cruzadas/hcpg111_tania_mariavs/" class="kt-svg-icon-link"><div style="display:inline-flex;justify-content:center;align-items:center;color:#444444" class="kt-svg-icon kt-svg-icon-fe_arrowLeftCircle"><svg style="display:inline-block;vertical-align:middle" viewbox="0 0 24 24" height="50" width="50" fill="none" stroke="currentColor" xmlns="http://www.w3.org/2000/svg" stroke-width="2" stroke-linecap="round" stroke-linejoin="round"><title>Página Anterior</title><circle cx="12" cy="12" r="10"></circle><polyline points="12 8 8 12 12 16"></polyline><line x1="16" y1="12" x2="8" y2="12"></line></svg></div></a></div></div>
</div>



<div class="wp-block-column is-layout-flow wp-block-column-is-layout-flow" style="--col-width:50%;flex-basis:50%"></div>



<div class="wp-block-column is-layout-flow wp-block-column-is-layout-flow" style="--col-width:25%;flex-basis:25%"><style id="kt-blocks_a20bf9-b5">.kt-svg-icons_a20bf9-b5 .kt-svg-item-0:hover .kt-svg-icon {color:#0F8B8D!important;}</style>
<div class="wp-block-kadence-icon kt-svg-icons kt-svg-icons_a20bf9-b5 alignnone" style="text-align:center"><div class="kt-svg-style-default kt-svg-icon-wrap kt-svg-item-0"><a href="https://ceam.cdtc.unb.br/index.php/historias-cruzadas/hcpg113_tania_mariadm/" class="kt-svg-icon-link"><div style="display:inline-flex;justify-content:center;align-items:center;color:#444444" class="kt-svg-icon kt-svg-icon-fe_arrowRightCircle"><svg style="display:inline-block;vertical-align:middle" viewbox="0 0 24 24" height="50" width="50" fill="none" stroke="currentColor" xmlns="http://www.w3.org/2000/svg" stroke-width="2" stroke-linecap="round" stroke-linejoin="round"><title>Próxima Página</title><circle cx="12" cy="12" r="10"></circle><polyline points="12 16 16 12 12 8"></polyline><line x1="8" y1="12" x2="16" y2="12"></line></svg></div></a></div></div>
</div>
</div>

<p>Homenagem a Tânia Maria da Costa … </p>
