{"id":1151,"date":"2021-09-26T17:03:15","date_gmt":"2021-09-26T20:03:15","guid":{"rendered":"https:\/\/ceam.cdtc.unb.br\/index.php\/historias-cruzadas\/hcpg114_uruanan-2\/"},"modified":"2021-09-27T09:13:43","modified_gmt":"2021-09-27T12:13:43","slug":"hcpg120_vicente_faleiros","status":"publish","type":"page","link":"https:\/\/memoria.ceam.unb.br\/index.php\/historias-cruzadas\/hcpg120_vicente_faleiros\/","title":{"rendered":"hcpg120_vicente_faleiros"},"content":{"rendered":"\n<div class=\"wp-block-image\"><figure class=\"aligncenter size-large\"><img loading=\"lazy\" decoding=\"async\" width=\"1024\" height=\"27\" src=\"https:\/\/ceam.cdtc.unb.br\/wp-content\/uploads\/2021\/09\/cabecalho01_historias_cruzadas-1024x27.jpg\" alt=\"\" class=\"wp-image-553\"\/><\/figure><\/div>\n\n\n<style id=\"kt-blocks_d0b9a0-28\">#kt-adv-heading_d0b9a0-28, #kt-adv-heading_d0b9a0-28 .wp-block-kadence-advancedheading, .wp-block-kadence-advancedheading.kt-adv-heading_d0b9a0-28[data-kb-block=\"kb-adv-heading_d0b9a0-28\"], .kadence-advanced-heading-wrapper .kt-adv-heading_d0b9a0-28[data-kb-block=\"kb-adv-heading_d0b9a0-28\"]{text-align:center;color:#167abe;}<\/style>\n<h5 class=\"kt-adv-heading_d0b9a0-28 wp-block-kadence-advancedheading\" data-kb-block=\"kb-adv-heading_d0b9a0-28\">Vicente de Paula Faleiros<\/h5>\n\n\n\n<p><\/p>\n\n\n\n<div class=\"wp-block-image\"><figure class=\"aligncenter size-full\"><img loading=\"lazy\" decoding=\"async\" width=\"486\" height=\"364\" src=\"https:\/\/ceam.cdtc.unb.br\/wp-content\/uploads\/2021\/09\/faleiros.jpg\" alt=\"\" class=\"wp-image-536\"\/><\/figure><\/div>\n\n\n\n<div class=\"wp-block-columns is-layout-flex wp-container-core-columns-is-layout-9d6595d7 wp-block-columns-is-layout-flex\">\n<div class=\"wp-block-column is-layout-flow wp-block-column-is-layout-flow\" style=\"--col-width:15%;flex-basis:15%\"><\/div>\n\n\n\n<div class=\"wp-block-column is-layout-flow wp-block-column-is-layout-flow\" style=\"--col-width:110%;flex-basis:110%\">\n<p>O professor aposentado Vicente Faleiros nasceu em 1941. Seu primeiro contato<br>com a Universidade de Bras\u00edlia se deu pelo curso de especializa\u00e7\u00e3o em Planejamento Econ\u00f4mico, no Departamento de Economia, em 1967. No mesmo ano foi preso pela ditadura militar, seu ativismo pol\u00edtico era muito presente. Foi coordenador do grupo pol\u00edtico revolucion\u00e1rio A\u00e7\u00e3o Popular (AP), e entre as lutas em defesa da democracia foi obrigado a sair do pa\u00eds em 1970 como refugiado pol\u00edtico. At\u00e9 ent\u00e3o, o professor Faleiros havia atuado em uma escola de Servi\u00e7o Social que viria a ser incorporada na UnB em 1974. Ap\u00f3s quase uma d\u00e9cada de autoex\u00edlio, voltou ao Brasil onde passou por S\u00e3o Paulo e Jo\u00e3o Pessoa, mas participando de palestras, semin\u00e1rios e atividades pol\u00edticas na capital federal. Em 1984 prestou sele\u00e7\u00e3o para professor da Universidade de Bras\u00edlia, onde fez brilhante carreira no Departamento de Servi\u00e7o Social, com contribui\u00e7\u00f5es fundamentais para essa \u00e1rea do conhecimento.<\/p>\n<\/div>\n\n\n\n<div class=\"wp-block-column is-layout-flow wp-block-column-is-layout-flow\" style=\"--col-width:15%;flex-basis:15%\"><\/div>\n<\/div>\n\n\n\n<div class=\"wp-block-kadence-spacer aligncenter kt-block-spacer-_0f9710-60\"><div class=\"kt-block-spacer kt-block-spacer-halign-center\" style=\"height:25px\"><hr class=\"kt-divider\" style=\"border-top-color:#eee;border-top-width:1px;width:80%;border-top-style:solid\"\/><\/div><\/div>\n\n\n\n<div class=\"wp-block-columns is-layout-flex wp-container-core-columns-is-layout-9d6595d7 wp-block-columns-is-layout-flex\">\n<div class=\"wp-block-column is-layout-flow wp-block-column-is-layout-flow\" style=\"--col-width:25%;flex-basis:25%\"><style id=\"kt-blocks_7f6936-b9\">.kt-svg-icons_7f6936-b9 .kt-svg-item-0:hover .kt-svg-icon {color:#0F8B8D!important;}<\/style>\n<div class=\"wp-block-kadence-icon kt-svg-icons kt-svg-icons_7f6936-b9 alignnone\" style=\"text-align:center\"><div class=\"kt-svg-style-default kt-svg-icon-wrap kt-svg-item-0\"><a href=\"https:\/\/ceam.cdtc.unb.br\/index.php\/historias-cruzadas\/hcpg119_epigrafe\/\" class=\"kt-svg-icon-link\"><div style=\"display:inline-flex;justify-content:center;align-items:center;color:#444444\" class=\"kt-svg-icon kt-svg-icon-fe_arrowLeftCircle\"><svg style=\"display:inline-block;vertical-align:middle\" viewbox=\"0 0 24 24\" height=\"50\" width=\"50\" fill=\"none\" stroke=\"currentColor\" xmlns=\"http:\/\/www.w3.org\/2000\/svg\" stroke-width=\"2\" stroke-linecap=\"round\" stroke-linejoin=\"round\"><title>P\u00e1gina anterior<\/title><circle cx=\"12\" cy=\"12\" r=\"10\"><\/circle><polyline points=\"12 8 8 12 12 16\"><\/polyline><line x1=\"16\" y1=\"12\" x2=\"8\" y2=\"12\"><\/line><\/svg><\/div><\/a><\/div><\/div>\n<\/div>\n\n\n\n<div class=\"wp-block-column is-layout-flow wp-block-column-is-layout-flow\" style=\"--col-width:50%;flex-basis:50%\"><\/div>\n\n\n\n<div class=\"wp-block-column is-layout-flow wp-block-column-is-layout-flow\" style=\"--col-width:25%;flex-basis:25%\"><style id=\"kt-blocks_ca77cc-15\">.kt-svg-icons_ca77cc-15 .kt-svg-item-0:hover .kt-svg-icon {color:#0F8B8D!important;}<\/style>\n<div class=\"wp-block-kadence-icon kt-svg-icons kt-svg-icons_ca77cc-15 alignnone\" style=\"text-align:center\"><div class=\"kt-svg-style-default kt-svg-icon-wrap kt-svg-item-0\"><a href=\"https:\/\/ceam.cdtc.unb.br\/index.php\/historias-cruzadas\/hcpg121_vicente_faleirosdm\/\" class=\"kt-svg-icon-link\"><div style=\"display:inline-flex;justify-content:center;align-items:center;color:#444444\" class=\"kt-svg-icon kt-svg-icon-fe_arrowRightCircle\"><svg style=\"display:inline-block;vertical-align:middle\" viewbox=\"0 0 24 24\" height=\"50\" width=\"50\" fill=\"none\" stroke=\"currentColor\" xmlns=\"http:\/\/www.w3.org\/2000\/svg\" stroke-width=\"2\" stroke-linecap=\"round\" stroke-linejoin=\"round\"><title>Pr\u00f3xima P\u00e1gina<\/title><circle cx=\"12\" cy=\"12\" r=\"10\"><\/circle><polyline points=\"12 16 16 12 12 8\"><\/polyline><line x1=\"8\" y1=\"12\" x2=\"16\" y2=\"12\"><\/line><\/svg><\/div><\/a><\/div><\/div>\n<\/div>\n<\/div>\n","protected":false},"excerpt":{"rendered":"<p>Vicente de Paula Faleiros O professor \u2026 <\/p>\n","protected":false},"author":2,"featured_media":0,"parent":77,"menu_order":0,"comment_status":"closed","ping_status":"closed","template":"","meta":{"footnotes":""},"class_list":["post-1151","page","type-page","status-publish","hentry"],"_links":{"self":[{"href":"https:\/\/memoria.ceam.unb.br\/index.php\/wp-json\/wp\/v2\/pages\/1151","targetHints":{"allow":["GET"]}}],"collection":[{"href":"https:\/\/memoria.ceam.unb.br\/index.php\/wp-json\/wp\/v2\/pages"}],"about":[{"href":"https:\/\/memoria.ceam.unb.br\/index.php\/wp-json\/wp\/v2\/types\/page"}],"author":[{"embeddable":true,"href":"https:\/\/memoria.ceam.unb.br\/index.php\/wp-json\/wp\/v2\/users\/2"}],"replies":[{"embeddable":true,"href":"https:\/\/memoria.ceam.unb.br\/index.php\/wp-json\/wp\/v2\/comments?post=1151"}],"version-history":[{"count":2,"href":"https:\/\/memoria.ceam.unb.br\/index.php\/wp-json\/wp\/v2\/pages\/1151\/revisions"}],"predecessor-version":[{"id":1235,"href":"https:\/\/memoria.ceam.unb.br\/index.php\/wp-json\/wp\/v2\/pages\/1151\/revisions\/1235"}],"up":[{"embeddable":true,"href":"https:\/\/memoria.ceam.unb.br\/index.php\/wp-json\/wp\/v2\/pages\/77"}],"wp:attachment":[{"href":"https:\/\/memoria.ceam.unb.br\/index.php\/wp-json\/wp\/v2\/media?parent=1151"}],"curies":[{"name":"wp","href":"https:\/\/api.w.org\/{rel}","templated":true}]}}

<div class="wp-block-image"><figure class="aligncenter size-large"><img loading="lazy" decoding="async" width="1024" height="27" src="https://ceam.cdtc.unb.br/wp-content/uploads/2021/09/cabecalho01_historias_cruzadas-1024x27.jpg" alt="" class="wp-image-553"/></figure></div>


<style id="kt-blocks_d0b9a0-28">#kt-adv-heading_d0b9a0-28, #kt-adv-heading_d0b9a0-28 .wp-block-kadence-advancedheading, .wp-block-kadence-advancedheading.kt-adv-heading_d0b9a0-28[data-kb-block="kb-adv-heading_d0b9a0-28"], .kadence-advanced-heading-wrapper .kt-adv-heading_d0b9a0-28[data-kb-block="kb-adv-heading_d0b9a0-28"]{text-align:center;color:#167abe;}</style>
<h5 class="kt-adv-heading_d0b9a0-28 wp-block-kadence-advancedheading" data-kb-block="kb-adv-heading_d0b9a0-28">Vicente de Paula Faleiros</h5>



<p></p>



<div class="wp-block-image"><figure class="aligncenter size-full"><img loading="lazy" decoding="async" width="486" height="364" src="https://ceam.cdtc.unb.br/wp-content/uploads/2021/09/faleiros.jpg" alt="" class="wp-image-536"/></figure></div>



<div class="wp-block-columns is-layout-flex wp-container-core-columns-is-layout-9d6595d7 wp-block-columns-is-layout-flex">
<div class="wp-block-column is-layout-flow wp-block-column-is-layout-flow" style="--col-width:15%;flex-basis:15%"></div>



<div class="wp-block-column is-layout-flow wp-block-column-is-layout-flow" style="--col-width:110%;flex-basis:110%">
<p>O professor aposentado Vicente Faleiros nasceu em 1941. Seu primeiro contato<br>com a Universidade de Brasília se deu pelo curso de especialização em Planejamento Econômico, no Departamento de Economia, em 1967. No mesmo ano foi preso pela ditadura militar, seu ativismo político era muito presente. Foi coordenador do grupo político revolucionário Ação Popular (AP), e entre as lutas em defesa da democracia foi obrigado a sair do país em 1970 como refugiado político. Até então, o professor Faleiros havia atuado em uma escola de Serviço Social que viria a ser incorporada na UnB em 1974. Após quase uma década de autoexílio, voltou ao Brasil onde passou por São Paulo e João Pessoa, mas participando de palestras, seminários e atividades políticas na capital federal. Em 1984 prestou seleção para professor da Universidade de Brasília, onde fez brilhante carreira no Departamento de Serviço Social, com contribuições fundamentais para essa área do conhecimento.</p>
</div>



<div class="wp-block-column is-layout-flow wp-block-column-is-layout-flow" style="--col-width:15%;flex-basis:15%"></div>
</div>



<div class="wp-block-kadence-spacer aligncenter kt-block-spacer-_0f9710-60"><div class="kt-block-spacer kt-block-spacer-halign-center" style="height:25px"><hr class="kt-divider" style="border-top-color:#eee;border-top-width:1px;width:80%;border-top-style:solid"/></div></div>



<div class="wp-block-columns is-layout-flex wp-container-core-columns-is-layout-9d6595d7 wp-block-columns-is-layout-flex">
<div class="wp-block-column is-layout-flow wp-block-column-is-layout-flow" style="--col-width:25%;flex-basis:25%"><style id="kt-blocks_7f6936-b9">.kt-svg-icons_7f6936-b9 .kt-svg-item-0:hover .kt-svg-icon {color:#0F8B8D!important;}</style>
<div class="wp-block-kadence-icon kt-svg-icons kt-svg-icons_7f6936-b9 alignnone" style="text-align:center"><div class="kt-svg-style-default kt-svg-icon-wrap kt-svg-item-0"><a href="https://ceam.cdtc.unb.br/index.php/historias-cruzadas/hcpg119_epigrafe/" class="kt-svg-icon-link"><div style="display:inline-flex;justify-content:center;align-items:center;color:#444444" class="kt-svg-icon kt-svg-icon-fe_arrowLeftCircle"><svg style="display:inline-block;vertical-align:middle" viewbox="0 0 24 24" height="50" width="50" fill="none" stroke="currentColor" xmlns="http://www.w3.org/2000/svg" stroke-width="2" stroke-linecap="round" stroke-linejoin="round"><title>Página anterior</title><circle cx="12" cy="12" r="10"></circle><polyline points="12 8 8 12 12 16"></polyline><line x1="16" y1="12" x2="8" y2="12"></line></svg></div></a></div></div>
</div>



<div class="wp-block-column is-layout-flow wp-block-column-is-layout-flow" style="--col-width:50%;flex-basis:50%"></div>



<div class="wp-block-column is-layout-flow wp-block-column-is-layout-flow" style="--col-width:25%;flex-basis:25%"><style id="kt-blocks_ca77cc-15">.kt-svg-icons_ca77cc-15 .kt-svg-item-0:hover .kt-svg-icon {color:#0F8B8D!important;}</style>
<div class="wp-block-kadence-icon kt-svg-icons kt-svg-icons_ca77cc-15 alignnone" style="text-align:center"><div class="kt-svg-style-default kt-svg-icon-wrap kt-svg-item-0"><a href="https://ceam.cdtc.unb.br/index.php/historias-cruzadas/hcpg121_vicente_faleirosdm/" class="kt-svg-icon-link"><div style="display:inline-flex;justify-content:center;align-items:center;color:#444444" class="kt-svg-icon kt-svg-icon-fe_arrowRightCircle"><svg style="display:inline-block;vertical-align:middle" viewbox="0 0 24 24" height="50" width="50" fill="none" stroke="currentColor" xmlns="http://www.w3.org/2000/svg" stroke-width="2" stroke-linecap="round" stroke-linejoin="round"><title>Próxima Página</title><circle cx="12" cy="12" r="10"></circle><polyline points="12 16 16 12 12 8"></polyline><line x1="8" y1="12" x2="16" y2="12"></line></svg></div></a></div></div>
</div>
</div>
