{"id":1250,"date":"2021-09-27T09:45:33","date_gmt":"2021-09-27T12:45:33","guid":{"rendered":"https:\/\/ceam.cdtc.unb.br\/index.php\/historias-cruzadas\/hcpg124-ilustra4-2\/"},"modified":"2021-09-27T10:16:43","modified_gmt":"2021-09-27T13:16:43","slug":"hcpg125-equipe","status":"publish","type":"page","link":"https:\/\/memoria.ceam.unb.br\/index.php\/historias-cruzadas\/hcpg125-equipe\/","title":{"rendered":"hcpg125-equipe"},"content":{"rendered":"\n<div class=\"wp-block-image\"><figure class=\"aligncenter size-large\"><img loading=\"lazy\" decoding=\"async\" width=\"1024\" height=\"27\" src=\"https:\/\/ceam.cdtc.unb.br\/wp-content\/uploads\/2021\/09\/cabecalho02_historias_cruzadas-1024x27.jpg\" alt=\"\" class=\"wp-image-554\"\/><\/figure><\/div>\n\n\n\n<p><\/p>\n\n\n<style id=\"kt-blocks_5b6886-49\">#kt-adv-heading_5b6886-49, #kt-adv-heading_5b6886-49 .wp-block-kadence-advancedheading, .wp-block-kadence-advancedheading.kt-adv-heading_5b6886-49[data-kb-block=\"kb-adv-heading_5b6886-49\"], .kadence-advanced-heading-wrapper .kt-adv-heading_5b6886-49[data-kb-block=\"kb-adv-heading_5b6886-49\"]{color:#167abe;}<\/style>\n<h5 class=\"kt-adv-heading_5b6886-49 wp-block-kadence-advancedheading\" data-kb-block=\"kb-adv-heading_5b6886-49\">Equipe do Projeto<\/h5>\n\n\n\n<div class=\"wp-block-kadence-spacer aligncenter kt-block-spacer-_b179aa-b2\"><div class=\"kt-block-spacer kt-block-spacer-halign-center\" style=\"height:60px\"><\/div><\/div>\n\n\n\n<p><\/p>\n\n\n\n<div class=\"wp-block-media-text alignwide is-stacked-on-mobile\" style=\"grid-template-columns:20% auto\"><figure class=\"wp-block-media-text__media\"><img loading=\"lazy\" decoding=\"async\" width=\"300\" height=\"300\" src=\"https:\/\/ceam.cdtc.unb.br\/wp-content\/uploads\/2021\/09\/LuannyAguiar.png\" alt=\"\" class=\"wp-image-1243 size-full\"\/><\/figure><div class=\"wp-block-media-text__content\">\n<p class=\"has-large-font-size\"><strong>Luanny Aguiar<\/strong><\/p>\n\n\n\n<p style=\"font-size:11px\">Ao meu ver, este projeto teve como elemento basilar a troca. Troca de experi\u00eancias, viv\u00eancias, di\u00e1logos. Tive como fun\u00e7\u00e3o conhecer estas narrativas, pesquisar sobre a vida dessas pessoas e conhec\u00ea-las por meio de seus textos, entrevistas e v\u00eddeos. Nada foi mais gratificante do que aprender com esse material e, para al\u00e9m disso, me identificar e me emocionar com alguns deles. Assim sendo, mesmo isolada em casa, foi sensacional conhecer tanta gente atrav\u00e9s de suas hist\u00f3rias. Hist\u00f3rias, assim como o intitulado projeto, hist\u00f3rias cruzadas.<\/p>\n<\/div><\/div>\n\n\n\n<div class=\"wp-block-kadence-spacer aligncenter kt-block-spacer-_5ba342-93\"><div class=\"kt-block-spacer kt-block-spacer-halign-center\" style=\"height:60px\"><\/div><\/div>\n\n\n\n<div class=\"wp-block-media-text alignwide has-media-on-the-right is-stacked-on-mobile\" style=\"grid-template-columns:auto 20%\"><figure class=\"wp-block-media-text__media\"><img loading=\"lazy\" decoding=\"async\" width=\"300\" height=\"226\" src=\"https:\/\/ceam.cdtc.unb.br\/wp-content\/uploads\/2021\/09\/LeidesMoura.png\" alt=\"\" class=\"wp-image-1242 size-full\"\/><\/figure><div class=\"wp-block-media-text__content\">\n<p class=\"has-large-font-size\"><strong>Leides Barroso Azevedo Moura<\/strong><\/p>\n\n\n\n<p style=\"font-size:11px\">Coordenar o projeto com a Viviane e interagir com a equipe na prepara\u00e7\u00e3o e edi\u00e7\u00e3o dos materiais que apresentam fatos e afetos que marcaram a trajet\u00f3ria dos nossos vinte e quatro homenageados foi uma jornada prazerosa. Mesmo em tempos desafiadores dos limites que a pandemia nos imp\u00f4s, a equipe se dedicou e ampliou a consci\u00eancia acerca da pot\u00eancia da escrita criativa e do trabalho coletivo. Gratid\u00e3o pelo percurso marcado pela sensibilidade e pela parceria na descoberta de novas formas de registro de linguagem.<\/p>\n<\/div><\/div>\n\n\n\n<p><\/p>\n\n\n\n<div class=\"wp-block-kadence-spacer aligncenter kt-block-spacer-_65d55c-a0\"><div class=\"kt-block-spacer kt-block-spacer-halign-center\" style=\"height:60px\"><\/div><\/div>\n\n\n\n<div class=\"wp-block-media-text alignwide is-stacked-on-mobile\" style=\"grid-template-columns:20% auto\"><figure class=\"wp-block-media-text__media\"><img loading=\"lazy\" decoding=\"async\" width=\"300\" height=\"332\" src=\"https:\/\/ceam.cdtc.unb.br\/wp-content\/uploads\/2021\/09\/LucasTenorio.png\" alt=\"\" class=\"wp-image-1244 size-full\"\/><\/figure><div class=\"wp-block-media-text__content\">\n<p class=\"has-large-font-size\"><strong>Lucas Ten\u00f3rio<\/strong><\/p>\n\n\n\n<p style=\"font-size:11px\">Meu nome \u00e9 Lucas Ten\u00f3rio, sou estudante de Servi\u00e7o Social da Universidade de Bras\u00edlia. Compor a equipe do Projeto Hist\u00f3rias Cruzadas foi uma experi\u00eancia gratificante para mim, por estar em conson\u00e2ncia com a pluralidade de pessoas, ideias, hist\u00f3rias. Homenageando as diversas e interessantes personalidades envolvidas pudemos conhecer parte importante da hist\u00f3ria de nossa universidade e da capital.<\/p>\n<\/div><\/div>\n\n\n\n<div class=\"wp-block-kadence-spacer aligncenter kt-block-spacer-_72481e-36\"><div class=\"kt-block-spacer kt-block-spacer-halign-center\" style=\"height:25px\"><hr class=\"kt-divider\" style=\"border-top-color:#eee;border-top-width:1px;width:80%;border-top-style:solid\"\/><\/div><\/div>\n\n\n\n<div class=\"wp-block-kadence-spacer aligncenter kt-block-spacer-_dfb72e-42\"><div class=\"kt-block-spacer kt-block-spacer-halign-center\" style=\"height:60px\"><hr class=\"kt-divider\" style=\"border-top-color:#eee;border-top-width:1px;width:80%;border-top-style:solid\"\/><\/div><\/div>\n\n\n\n<p><\/p>\n\n\n\n<div class=\"wp-block-columns is-layout-flex wp-container-core-columns-is-layout-9d6595d7 wp-block-columns-is-layout-flex\">\n<div class=\"wp-block-column is-layout-flow wp-block-column-is-layout-flow\" style=\"--col-width:25%;flex-basis:25%\"><style id=\"kt-blocks_879afe-f1\">.kt-svg-icons_879afe-f1 .kt-svg-item-0:hover .kt-svg-icon {color:#0F8B8D!important;}<\/style>\n<div class=\"wp-block-kadence-icon kt-svg-icons kt-svg-icons_879afe-f1 alignnone\" style=\"text-align:center\"><div class=\"kt-svg-style-default kt-svg-icon-wrap kt-svg-item-0\"><a href=\"https:\/\/ceam.cdtc.unb.br\/index.php\/historias-cruzadas\/hcpg124-ilustra4\/\" class=\"kt-svg-icon-link\"><div style=\"display:inline-flex;justify-content:center;align-items:center;color:#444444\" class=\"kt-svg-icon kt-svg-icon-fe_arrowLeftCircle\"><svg style=\"display:inline-block;vertical-align:middle\" viewbox=\"0 0 24 24\" height=\"50\" width=\"50\" fill=\"none\" stroke=\"currentColor\" xmlns=\"http:\/\/www.w3.org\/2000\/svg\" stroke-width=\"2\" stroke-linecap=\"round\" stroke-linejoin=\"round\"><title>P\u00e1gina anterior<\/title><circle cx=\"12\" cy=\"12\" r=\"10\"><\/circle><polyline points=\"12 8 8 12 12 16\"><\/polyline><line x1=\"16\" y1=\"12\" x2=\"8\" y2=\"12\"><\/line><\/svg><\/div><\/a><\/div><\/div>\n<\/div>\n\n\n\n<div class=\"wp-block-column is-layout-flow wp-block-column-is-layout-flow\" style=\"--col-width:50%;flex-basis:50%\"><\/div>\n\n\n\n<div class=\"wp-block-column is-layout-flow wp-block-column-is-layout-flow\" style=\"--col-width:25%;flex-basis:25%\"><style id=\"kt-blocks_5d7592-92\">.kt-svg-icons_5d7592-92 .kt-svg-item-0:hover .kt-svg-icon {color:#0F8B8D!important;}<\/style>\n<div class=\"wp-block-kadence-icon kt-svg-icons kt-svg-icons_5d7592-92 alignnone\" style=\"text-align:center\"><div class=\"kt-svg-style-default kt-svg-icon-wrap kt-svg-item-0\"><a href=\"https:\/\/ceam.cdtc.unb.br\/index.php\/historias-cruzadas\/hcpg126-equipe\/\" class=\"kt-svg-icon-link\"><div style=\"display:inline-flex;justify-content:center;align-items:center;color:#444444\" class=\"kt-svg-icon kt-svg-icon-fe_arrowRightCircle\"><svg style=\"display:inline-block;vertical-align:middle\" viewbox=\"0 0 24 24\" height=\"50\" width=\"50\" fill=\"none\" stroke=\"currentColor\" xmlns=\"http:\/\/www.w3.org\/2000\/svg\" stroke-width=\"2\" stroke-linecap=\"round\" stroke-linejoin=\"round\" aria-hidden=\"true\"><circle cx=\"12\" cy=\"12\" r=\"10\"><\/circle><polyline points=\"12 16 16 12 12 8\"><\/polyline><line x1=\"8\" y1=\"12\" x2=\"16\" y2=\"12\"><\/line><\/svg><\/div><\/a><\/div><\/div>\n<\/div>\n<\/div>\n\n\n\n<p><\/p>\n","protected":false},"excerpt":{"rendered":"<p>Equipe do Projeto Luanny Aguiar Ao \u2026 <\/p>\n","protected":false},"author":2,"featured_media":0,"parent":77,"menu_order":0,"comment_status":"closed","ping_status":"closed","template":"","meta":{"footnotes":""},"class_list":["post-1250","page","type-page","status-publish","hentry"],"_links":{"self":[{"href":"https:\/\/memoria.ceam.unb.br\/index.php\/wp-json\/wp\/v2\/pages\/1250","targetHints":{"allow":["GET"]}}],"collection":[{"href":"https:\/\/memoria.ceam.unb.br\/index.php\/wp-json\/wp\/v2\/pages"}],"about":[{"href":"https:\/\/memoria.ceam.unb.br\/index.php\/wp-json\/wp\/v2\/types\/page"}],"author":[{"embeddable":true,"href":"https:\/\/memoria.ceam.unb.br\/index.php\/wp-json\/wp\/v2\/users\/2"}],"replies":[{"embeddable":true,"href":"https:\/\/memoria.ceam.unb.br\/index.php\/wp-json\/wp\/v2\/comments?post=1250"}],"version-history":[{"count":12,"href":"https:\/\/memoria.ceam.unb.br\/index.php\/wp-json\/wp\/v2\/pages\/1250\/revisions"}],"predecessor-version":[{"id":1292,"href":"https:\/\/memoria.ceam.unb.br\/index.php\/wp-json\/wp\/v2\/pages\/1250\/revisions\/1292"}],"up":[{"embeddable":true,"href":"https:\/\/memoria.ceam.unb.br\/index.php\/wp-json\/wp\/v2\/pages\/77"}],"wp:attachment":[{"href":"https:\/\/memoria.ceam.unb.br\/index.php\/wp-json\/wp\/v2\/media?parent=1250"}],"curies":[{"name":"wp","href":"https:\/\/api.w.org\/{rel}","templated":true}]}}

<div class="wp-block-image"><figure class="aligncenter size-large"><img loading="lazy" decoding="async" width="1024" height="27" src="https://ceam.cdtc.unb.br/wp-content/uploads/2021/09/cabecalho02_historias_cruzadas-1024x27.jpg" alt="" class="wp-image-554"/></figure></div>



<p></p>


<style id="kt-blocks_5b6886-49">#kt-adv-heading_5b6886-49, #kt-adv-heading_5b6886-49 .wp-block-kadence-advancedheading, .wp-block-kadence-advancedheading.kt-adv-heading_5b6886-49[data-kb-block="kb-adv-heading_5b6886-49"], .kadence-advanced-heading-wrapper .kt-adv-heading_5b6886-49[data-kb-block="kb-adv-heading_5b6886-49"]{color:#167abe;}</style>
<h5 class="kt-adv-heading_5b6886-49 wp-block-kadence-advancedheading" data-kb-block="kb-adv-heading_5b6886-49">Equipe do Projeto</h5>



<div class="wp-block-kadence-spacer aligncenter kt-block-spacer-_b179aa-b2"><div class="kt-block-spacer kt-block-spacer-halign-center" style="height:60px"></div></div>



<p></p>



<div class="wp-block-media-text alignwide is-stacked-on-mobile" style="grid-template-columns:20% auto"><figure class="wp-block-media-text__media"><img loading="lazy" decoding="async" width="300" height="300" src="https://ceam.cdtc.unb.br/wp-content/uploads/2021/09/LuannyAguiar.png" alt="" class="wp-image-1243 size-full"/></figure><div class="wp-block-media-text__content">
<p class="has-large-font-size"><strong>Luanny Aguiar</strong></p>



<p style="font-size:11px">Ao meu ver, este projeto teve como elemento basilar a troca. Troca de experiências, vivências, diálogos. Tive como função conhecer estas narrativas, pesquisar sobre a vida dessas pessoas e conhecê-las por meio de seus textos, entrevistas e vídeos. Nada foi mais gratificante do que aprender com esse material e, para além disso, me identificar e me emocionar com alguns deles. Assim sendo, mesmo isolada em casa, foi sensacional conhecer tanta gente através de suas histórias. Histórias, assim como o intitulado projeto, histórias cruzadas.</p>
</div></div>



<div class="wp-block-kadence-spacer aligncenter kt-block-spacer-_5ba342-93"><div class="kt-block-spacer kt-block-spacer-halign-center" style="height:60px"></div></div>



<div class="wp-block-media-text alignwide has-media-on-the-right is-stacked-on-mobile" style="grid-template-columns:auto 20%"><figure class="wp-block-media-text__media"><img loading="lazy" decoding="async" width="300" height="226" src="https://ceam.cdtc.unb.br/wp-content/uploads/2021/09/LeidesMoura.png" alt="" class="wp-image-1242 size-full"/></figure><div class="wp-block-media-text__content">
<p class="has-large-font-size"><strong>Leides Barroso Azevedo Moura</strong></p>



<p style="font-size:11px">Coordenar o projeto com a Viviane e interagir com a equipe na preparação e edição dos materiais que apresentam fatos e afetos que marcaram a trajetória dos nossos vinte e quatro homenageados foi uma jornada prazerosa. Mesmo em tempos desafiadores dos limites que a pandemia nos impôs, a equipe se dedicou e ampliou a consciência acerca da potência da escrita criativa e do trabalho coletivo. Gratidão pelo percurso marcado pela sensibilidade e pela parceria na descoberta de novas formas de registro de linguagem.</p>
</div></div>



<p></p>



<div class="wp-block-kadence-spacer aligncenter kt-block-spacer-_65d55c-a0"><div class="kt-block-spacer kt-block-spacer-halign-center" style="height:60px"></div></div>



<div class="wp-block-media-text alignwide is-stacked-on-mobile" style="grid-template-columns:20% auto"><figure class="wp-block-media-text__media"><img loading="lazy" decoding="async" width="300" height="332" src="https://ceam.cdtc.unb.br/wp-content/uploads/2021/09/LucasTenorio.png" alt="" class="wp-image-1244 size-full"/></figure><div class="wp-block-media-text__content">
<p class="has-large-font-size"><strong>Lucas Tenório</strong></p>



<p style="font-size:11px">Meu nome é Lucas Tenório, sou estudante de Serviço Social da Universidade de Brasília. Compor a equipe do Projeto Histórias Cruzadas foi uma experiência gratificante para mim, por estar em consonância com a pluralidade de pessoas, ideias, histórias. Homenageando as diversas e interessantes personalidades envolvidas pudemos conhecer parte importante da história de nossa universidade e da capital.</p>
</div></div>



<div class="wp-block-kadence-spacer aligncenter kt-block-spacer-_72481e-36"><div class="kt-block-spacer kt-block-spacer-halign-center" style="height:25px"><hr class="kt-divider" style="border-top-color:#eee;border-top-width:1px;width:80%;border-top-style:solid"/></div></div>



<div class="wp-block-kadence-spacer aligncenter kt-block-spacer-_dfb72e-42"><div class="kt-block-spacer kt-block-spacer-halign-center" style="height:60px"><hr class="kt-divider" style="border-top-color:#eee;border-top-width:1px;width:80%;border-top-style:solid"/></div></div>



<p></p>



<div class="wp-block-columns is-layout-flex wp-container-core-columns-is-layout-9d6595d7 wp-block-columns-is-layout-flex">
<div class="wp-block-column is-layout-flow wp-block-column-is-layout-flow" style="--col-width:25%;flex-basis:25%"><style id="kt-blocks_879afe-f1">.kt-svg-icons_879afe-f1 .kt-svg-item-0:hover .kt-svg-icon {color:#0F8B8D!important;}</style>
<div class="wp-block-kadence-icon kt-svg-icons kt-svg-icons_879afe-f1 alignnone" style="text-align:center"><div class="kt-svg-style-default kt-svg-icon-wrap kt-svg-item-0"><a href="https://ceam.cdtc.unb.br/index.php/historias-cruzadas/hcpg124-ilustra4/" class="kt-svg-icon-link"><div style="display:inline-flex;justify-content:center;align-items:center;color:#444444" class="kt-svg-icon kt-svg-icon-fe_arrowLeftCircle"><svg style="display:inline-block;vertical-align:middle" viewbox="0 0 24 24" height="50" width="50" fill="none" stroke="currentColor" xmlns="http://www.w3.org/2000/svg" stroke-width="2" stroke-linecap="round" stroke-linejoin="round"><title>Página anterior</title><circle cx="12" cy="12" r="10"></circle><polyline points="12 8 8 12 12 16"></polyline><line x1="16" y1="12" x2="8" y2="12"></line></svg></div></a></div></div>
</div>



<div class="wp-block-column is-layout-flow wp-block-column-is-layout-flow" style="--col-width:50%;flex-basis:50%"></div>



<div class="wp-block-column is-layout-flow wp-block-column-is-layout-flow" style="--col-width:25%;flex-basis:25%"><style id="kt-blocks_5d7592-92">.kt-svg-icons_5d7592-92 .kt-svg-item-0:hover .kt-svg-icon {color:#0F8B8D!important;}</style>
<div class="wp-block-kadence-icon kt-svg-icons kt-svg-icons_5d7592-92 alignnone" style="text-align:center"><div class="kt-svg-style-default kt-svg-icon-wrap kt-svg-item-0"><a href="https://ceam.cdtc.unb.br/index.php/historias-cruzadas/hcpg126-equipe/" class="kt-svg-icon-link"><div style="display:inline-flex;justify-content:center;align-items:center;color:#444444" class="kt-svg-icon kt-svg-icon-fe_arrowRightCircle"><svg style="display:inline-block;vertical-align:middle" viewbox="0 0 24 24" height="50" width="50" fill="none" stroke="currentColor" xmlns="http://www.w3.org/2000/svg" stroke-width="2" stroke-linecap="round" stroke-linejoin="round" aria-hidden="true"><circle cx="12" cy="12" r="10"></circle><polyline points="12 16 16 12 12 8"></polyline><line x1="8" y1="12" x2="16" y2="12"></line></svg></div></a></div></div>
</div>
</div>



<p></p>
