{"id":3177,"date":"2022-02-18T15:36:15","date_gmt":"2022-02-18T18:36:15","guid":{"rendered":"https:\/\/ceam.cdtc.unb.br\/index.php\/memoria_ceam\/memoria-emeritos-ceam\/"},"modified":"2022-02-24T18:02:06","modified_gmt":"2022-02-24T21:02:06","slug":"memoria-seminario-35-anos-ceam","status":"publish","type":"page","link":"https:\/\/memoria.ceam.unb.br\/index.php\/memoria_ceam\/memoria-seminario-35-anos-ceam\/","title":{"rendered":"Mem\u00f3ria &#8211; CEAM 35 anos"},"content":{"rendered":"\n<h5 class=\"kt-adv-heading_52473b-06 wp-block-kadence-advancedheading has-accent-2-color has-text-color\" data-kb-block=\"kb-adv-heading_52473b-06\">MEM\u00d3RIA DO CEAM &#8211; Semin\u00e1rio 35 anos do CEAM<\/h5>\n\n\n\n<div class=\"wp-block-kadence-spacer aligncenter kt-block-spacer-_b706d7-0d\"><div class=\"kt-block-spacer kt-block-spacer-halign-center\" style=\"height:25px\"><\/div><\/div>\n\n\n\n<p><\/p>\n\n\n\n<div class=\"wp-block-columns is-layout-flex wp-container-core-columns-is-layout-9d6595d7 wp-block-columns-is-layout-flex\">\n<div class=\"wp-block-column is-layout-flow wp-block-column-is-layout-flow\" style=\"--col-width:200px;flex-basis:200px\">\n<ul id=\"block-781df1fc-e8a9-49cd-b102-3a0fd04bbcd1\" class=\"is-style-tw-border-inner wp-block-list\" style=\"font-size:13px\"><li><\/li><li><strong><a href=\"https:\/\/memoria.ceam.unb.br\/index.php\/memoria_ceam\/memoria-documentos-historicos\/\">Documentos hist\u00f3ricos<\/a><\/strong><\/li><li><strong><a href=\"https:\/\/memoria.ceam.unb.br\/index.php\/memoria_ceam\/memoria-fotos-historicas\/\">Fotos hist\u00f3ricas<\/a><\/strong><\/li><li><strong>MEM\u00d3RIA &#8211; IMPRESSOS<\/strong><ul><li><strong><a href=\"https:\/\/memoria.ceam.unb.br\/index.php\/memoria_ceam\/memoria-impressos-cartazes\/\">Cartazes e posters<\/a><\/strong><\/li><li><strong><a href=\"https:\/\/memoria.ceam.unb.br\/index.php\/memoria_ceam\/memoria-impressos-cartazes-2\/\">Publica\u00e7\u00f5es<\/a> <\/strong><\/li><\/ul><\/li><li><strong>MEM\u00d3RIA &#8211; PROJETO<\/strong><ul><li><strong><a href=\"https:\/\/memoria.ceam.unb.br\/index.php\/memoria_ceam\/memoria-fotos-projeto-documentario\/\">Fotos Projeto Mem\u00f3ria<\/a><\/strong><\/li><li><strong><a href=\"https:\/\/memoria.ceam.unb.br\/index.php\/memoria_ceam\/memoria-documentario\/\">V\u00eddeo document\u00e1rio<\/a><\/strong><\/li><\/ul><\/li><li><a href=\"https:\/\/ceam.cdtc.unb.br\/index.php\/memoria_ceam\/memoria-profs-emeritos-ceam\/\"><strong>Em\u00e9ritos CEAM<\/strong><\/a><\/li><li><a href=\"https:\/\/ceam.cdtc.unb.br\/index.php\/memoria_ceam\/memoria-seminario-35-anos-ceam\/\"><strong>Semin\u00e1rio 35 anos CEAM<\/strong><\/a><\/li><li><\/li><\/ul>\n<\/div>\n\n\n\n<div class=\"wp-block-column is-layout-flow wp-block-column-is-layout-flow\"><\/div>\n\n\n\n<div class=\"wp-block-column is-layout-flow wp-block-column-is-layout-flow\" style=\"--col-width:66.66%;flex-basis:66.66%\">\n<div class=\"wp-block-media-text alignwide is-stacked-on-mobile\" style=\"grid-template-columns:34% auto\"><figure class=\"wp-block-media-text__media\"><img loading=\"lazy\" decoding=\"async\" width=\"787\" height=\"1000\" src=\"https:\/\/ceam.cdtc.unb.br\/wp-content\/uploads\/2022\/02\/35_anos_selo01.png\" alt=\"\" class=\"wp-image-3174 size-full\"\/><\/figure><div class=\"wp-block-media-text__content\">\n<p style=\"font-size:12px\">O Semin\u00e1rio de 35 anos CEAM, ocorrido de forma virtual nos dias 14 e 15 de outubro de 2021, marcou as comemora\u00e7\u00f5es da ef\u00e9miride e destacou com o merecido reconhecimento o anivers\u00e1rio daquele que \u00e9 o Centro de Estudos Avan\u00e7ados mais antigo no Brasil. O trabalho desenvolvido em conjunto por todos os N\u00facleos, Programas de P\u00f3s-Gradua\u00e7\u00e3o e Dire\u00e7\u00e3o do CEAM contou com a participa\u00e7\u00e3o de convidades de renome em suas \u00e1reas de estudo, assim como prop\u00f4s e desenvolveu debates de alto n\u00edvel buscando provocar e alimentar o discurso em tem\u00e1ticas diversas. <\/p>\n\n\n\n<p style=\"font-size:12px\">Houve ainda a transmiss\u00e3o das femenagens a duas grandes personalidades na luta pelos Direitos Humanos no pa\u00eds, a Soci\u00f3loga e <a rel=\"noreferrer noopener\" href=\"https:\/\/ceam.unb.br\/ceam-comunica\/outras-noticias\/97-nota-de-pesar-nucleo-de-estudos-e-pesquisa-sobre-a-mulher-nepem\" target=\"_blank\">Professora Lourdes Bandeira<\/a>, falecida em 2021, e a <a rel=\"noreferrer noopener\" href=\"https:\/\/www.erikakokay.com.br\/\" target=\"_blank\">Deputada Federal \u00c9rika Kokay<\/a>, apoiadora de trabalhos e pesquisas desenvolvidos na trajet\u00f3ria do CEAM.<\/p>\n<\/div><\/div>\n\n\n\n<div class=\"wp-block-kadence-spacer aligncenter kt-block-spacer-_d9a908-c4\"><div class=\"kt-block-spacer kt-block-spacer-halign-center\" style=\"height:30px\"><\/div><\/div>\n\n\n\n<p style=\"font-size:12px\"><\/p>\n\n\n\n<p style=\"font-size:12px\">\u2022 <a href=\"https:\/\/www.even3.com.br\/ceam35anos\/\" target=\"_blank\" rel=\"noreferrer noopener\">Acesso ao  site oficial do evento online<\/a> <\/p>\n\n\n\n<p style=\"font-size:12px\">\u2022 <a rel=\"noreferrer noopener\" href=\"https:\/\/www.youtube.com\/playlist?list=PLNgZ_EJbH-2cRjvFkCsMQu2uvdPWhIygm\" target=\"_blank\">Acesso ao conte\u00fado completo do Semin\u00e1rio &#8211; Canal CEAM no youtube<\/a><\/p>\n\n\n\n<p style=\"font-size:12px\">\u2022 <a rel=\"noreferrer noopener\" href=\"https:\/\/ceam.unb.br\/ceam-comunica\/divulgacoes\/75-ceam-35-anos\" target=\"_blank\">Nota da Dire\u00e7\u00e3o por ocasi\u00e3o do anivers\u00e1rio de 35 anos do CEAM &#8211; 29\/abril\/2021<\/a><\/p>\n\n\n\n<div class=\"wp-block-kadence-spacer aligncenter kt-block-spacer-_009e93-5c\"><div class=\"kt-block-spacer kt-block-spacer-halign-center\" style=\"height:60px\"><hr class=\"kt-divider\" style=\"border-top-color:#eee;border-top-width:1px;width:80%;border-top-style:solid\"\/><\/div><\/div>\n\n\n\n<p style=\"font-size:12px\"><\/p>\n<\/div>\n<\/div>\n","protected":false},"excerpt":{"rendered":"<p>MEM\u00d3RIA DO CEAM &#8211; Semin\u00e1rio 35 \u2026 <\/p>\n","protected":false},"author":2,"featured_media":0,"parent":100,"menu_order":0,"comment_status":"closed","ping_status":"closed","template":"","meta":{"footnotes":""},"class_list":["post-3177","page","type-page","status-publish","hentry"],"_links":{"self":[{"href":"https:\/\/memoria.ceam.unb.br\/index.php\/wp-json\/wp\/v2\/pages\/3177","targetHints":{"allow":["GET"]}}],"collection":[{"href":"https:\/\/memoria.ceam.unb.br\/index.php\/wp-json\/wp\/v2\/pages"}],"about":[{"href":"https:\/\/memoria.ceam.unb.br\/index.php\/wp-json\/wp\/v2\/types\/page"}],"author":[{"embeddable":true,"href":"https:\/\/memoria.ceam.unb.br\/index.php\/wp-json\/wp\/v2\/users\/2"}],"replies":[{"embeddable":true,"href":"https:\/\/memoria.ceam.unb.br\/index.php\/wp-json\/wp\/v2\/comments?post=3177"}],"version-history":[{"count":13,"href":"https:\/\/memoria.ceam.unb.br\/index.php\/wp-json\/wp\/v2\/pages\/3177\/revisions"}],"predecessor-version":[{"id":3205,"href":"https:\/\/memoria.ceam.unb.br\/index.php\/wp-json\/wp\/v2\/pages\/3177\/revisions\/3205"}],"up":[{"embeddable":true,"href":"https:\/\/memoria.ceam.unb.br\/index.php\/wp-json\/wp\/v2\/pages\/100"}],"wp:attachment":[{"href":"https:\/\/memoria.ceam.unb.br\/index.php\/wp-json\/wp\/v2\/media?parent=3177"}],"curies":[{"name":"wp","href":"https:\/\/api.w.org\/{rel}","templated":true}]}}