{"id":346,"date":"2021-09-20T18:43:18","date_gmt":"2021-09-20T21:43:18","guid":{"rendered":"https:\/\/ceam.cdtc.unb.br\/?page_id=346"},"modified":"2021-09-22T15:46:58","modified_gmt":"2021-09-22T18:46:58","slug":"hcpg8_aldo_pavianidm","status":"publish","type":"page","link":"https:\/\/memoria.ceam.unb.br\/index.php\/historias-cruzadas\/hcpg8_aldo_pavianidm\/","title":{"rendered":"hcpg8_aldo_pavianiDM"},"content":{"rendered":"\n<div class=\"wp-block-image\"><figure class=\"aligncenter size-large\"><img loading=\"lazy\" decoding=\"async\" width=\"1024\" height=\"27\" src=\"https:\/\/ceam.cdtc.unb.br\/wp-content\/uploads\/2021\/09\/cabecalho02_historias_cruzadas-1024x27.jpg\" alt=\"\" class=\"wp-image-554\"\/><\/figure><\/div>\n\n\n\n<figure class=\"wp-block-audio aligncenter\"><audio controls src=\"https:\/\/ceam.cdtc.unb.br\/wp-content\/uploads\/2021\/09\/Aldo-Paviani-Daphane-Machado.mp3\"><\/audio><\/figure>\n\n\n<style id=\"kt-blocks_75a55c-ab\">#kt-adv-heading_75a55c-ab, #kt-adv-heading_75a55c-ab .wp-block-kadence-advancedheading, .wp-block-kadence-advancedheading.kt-adv-heading_75a55c-ab[data-kb-block=\"kb-adv-heading_75a55c-ab\"], .kadence-advanced-heading-wrapper .kt-adv-heading_75a55c-ab[data-kb-block=\"kb-adv-heading_75a55c-ab\"]{text-align:center;color:#167abe;}<\/style>\n<h5 class=\"kt-adv-heading_75a55c-ab wp-block-kadence-advancedheading\" data-kb-block=\"kb-adv-heading_75a55c-ab\">Aldo Paviani &#8211; Por Daphne Machado<\/h5>\n\n\n\n<p><\/p>\n\n\n\n<div class=\"wp-block-columns is-layout-flex wp-container-core-columns-is-layout-9d6595d7 wp-block-columns-is-layout-flex\">\n<div class=\"wp-block-column is-layout-flow wp-block-column-is-layout-flow\" style=\"--col-width:10%;flex-basis:10%\"><\/div>\n\n\n\n<div class=\"wp-block-column is-layout-flow wp-block-column-is-layout-flow\" style=\"--col-width:120%;flex-basis:120%\">\n<p>Sou ge\u00f3grafo, urbanista e ativo aposentado. Preocupa-me a organiza\u00e7\u00e3o dos espa\u00e7os urbanos e ambientais, a constru\u00e7\u00e3o geogr\u00e1fica do espa\u00e7o.<\/p>\n\n\n\n<p><br>O que desejamos, o que queremos para as metr\u00f3poles, as cidades em geral? Trabalho, alimenta\u00e7\u00e3o, deslocamento, educa\u00e7\u00e3o, vegeta\u00e7\u00e3o, \u00e1gua, qualidade do ar, cultura, entretenimento, qualidade de vida para todos.<\/p>\n\n\n\n<p><br>O que possu\u00edmos: desigualdades espaciais, grande volume de desemprego nas periferias metropolitanas, dificuldade de acesso \u00e0 alimenta\u00e7\u00e3o, ao deslocamento e \u00e0 educa\u00e7\u00e3o, pouca ou nenhuma vegeta\u00e7\u00e3o, escassez de \u00e1gua, mananciais e len\u00e7\u00f3is fre\u00e1ticos secos, baixa qualidade do ar, sem acesso \u00e0 cultura e ao entretenimento, e<br>baixa qualidade de vida.<\/p>\n\n\n\n<p><br>Bras\u00edlia \u00e9 o lugar onde as desigualdades s\u00e3o mais aparentes, apesar de possuir o 1\u00ba lugar em qualidade de vida no Brasil, possuir 70% de \u00e1rea rural, ser a regi\u00e3o brasileira em 11\u00ba lugar na produ\u00e7\u00e3o de feij\u00e3o, reter o maior \u00edndice de produtividade e possuir 68 mil hectares plantados de soja e 60 mil hectares de milho. \u00c9 caracterizada por fornecer servi\u00e7os, n\u00e3o h\u00e1 ind\u00fastrias ou empresas dispon\u00edveis para assumir a m\u00e3o de<br>obra dispon\u00edvel.<\/p>\n\n\n\n<p><br>Continuo disposto a contribuir com o planejamento dos espa\u00e7os culturais e discutir solu\u00e7\u00f5es para esses problemas, no que, de fato, ainda trabalho.<\/p>\n<\/div>\n\n\n\n<div class=\"wp-block-column is-layout-flow wp-block-column-is-layout-flow\" style=\"--col-width:10%;flex-basis:10%\"><\/div>\n<\/div>\n\n\n\n<p><\/p>\n\n\n\n<div class=\"wp-block-kadence-spacer aligncenter kt-block-spacer-_719787-fe\"><div class=\"kt-block-spacer kt-block-spacer-halign-center\" style=\"height:25px\"><hr class=\"kt-divider\" style=\"border-top-color:#eee;border-top-width:1px;width:80%;border-top-style:solid\"\/><\/div><\/div>\n\n\n\n<div class=\"wp-block-columns is-layout-flex wp-container-core-columns-is-layout-9d6595d7 wp-block-columns-is-layout-flex\">\n<div class=\"wp-block-column is-layout-flow wp-block-column-is-layout-flow\" style=\"--col-width:25%;flex-basis:25%\"><style id=\"kt-blocks_c0e94d-9e\">.kt-svg-icons_c0e94d-9e .kt-svg-item-0:hover .kt-svg-icon {color:#0F8B8D!important;}<\/style>\n<div class=\"wp-block-kadence-icon kt-svg-icons kt-svg-icons_c0e94d-9e alignnone\" style=\"text-align:center\"><div class=\"kt-svg-style-default kt-svg-icon-wrap kt-svg-item-0\"><a href=\"https:\/\/ceam.cdtc.unb.br\/index.php\/historias-cruzadas\/hcpg7-aldo_pavianitfm\/\" class=\"kt-svg-icon-link\"><div style=\"display:inline-flex;justify-content:center;align-items:center;color:#444444\" class=\"kt-svg-icon kt-svg-icon-fe_arrowLeftCircle\"><svg style=\"display:inline-block;vertical-align:middle\" viewbox=\"0 0 24 24\" height=\"50\" width=\"50\" fill=\"none\" stroke=\"currentColor\" xmlns=\"http:\/\/www.w3.org\/2000\/svg\" stroke-width=\"2\" stroke-linecap=\"round\" stroke-linejoin=\"round\"><title>P\u00e1gina Anterior<\/title><circle cx=\"12\" cy=\"12\" r=\"10\"><\/circle><polyline points=\"12 8 8 12 12 16\"><\/polyline><line x1=\"16\" y1=\"12\" x2=\"8\" y2=\"12\"><\/line><\/svg><\/div><\/a><\/div><\/div>\n<\/div>\n\n\n\n<div class=\"wp-block-column is-layout-flow wp-block-column-is-layout-flow\" style=\"--col-width:50%;flex-basis:50%\"><\/div>\n\n\n\n<div class=\"wp-block-column is-layout-flow wp-block-column-is-layout-flow\" style=\"--col-width:25%;flex-basis:25%\"><style id=\"kt-blocks_e51fb2-60\">.kt-svg-icons_e51fb2-60 .kt-svg-item-0:hover .kt-svg-icon {color:#0F8B8D!important;}<\/style>\n<div class=\"wp-block-kadence-icon kt-svg-icons kt-svg-icons_e51fb2-60 alignnone\" style=\"text-align:center\"><div class=\"kt-svg-style-default kt-svg-icon-wrap kt-svg-item-0\"><a href=\"https:\/\/ceam.cdtc.unb.br\/index.php\/historias-cruzadas\/hcp9_aldo_pavianimn\/\" class=\"kt-svg-icon-link\"><div style=\"display:inline-flex;justify-content:center;align-items:center;color:#444444\" class=\"kt-svg-icon kt-svg-icon-fe_arrowRightCircle\"><svg style=\"display:inline-block;vertical-align:middle\" viewbox=\"0 0 24 24\" height=\"50\" width=\"50\" fill=\"none\" stroke=\"currentColor\" xmlns=\"http:\/\/www.w3.org\/2000\/svg\" stroke-width=\"2\" stroke-linecap=\"round\" stroke-linejoin=\"round\"><title>Pr\u00f3xima P\u00e1gina<\/title><circle cx=\"12\" cy=\"12\" r=\"10\"><\/circle><polyline points=\"12 16 16 12 12 8\"><\/polyline><line x1=\"8\" y1=\"12\" x2=\"16\" y2=\"12\"><\/line><\/svg><\/div><\/a><\/div><\/div>\n<\/div>\n<\/div>\n","protected":false},"excerpt":{"rendered":"<p>Aldo Paviani &#8211; Por Daphne Machado \u2026 <\/p>\n","protected":false},"author":1,"featured_media":0,"parent":77,"menu_order":0,"comment_status":"closed","ping_status":"closed","template":"","meta":{"footnotes":""},"class_list":["post-346","page","type-page","status-publish","hentry"],"_links":{"self":[{"href":"https:\/\/memoria.ceam.unb.br\/index.php\/wp-json\/wp\/v2\/pages\/346","targetHints":{"allow":["GET"]}}],"collection":[{"href":"https:\/\/memoria.ceam.unb.br\/index.php\/wp-json\/wp\/v2\/pages"}],"about":[{"href":"https:\/\/memoria.ceam.unb.br\/index.php\/wp-json\/wp\/v2\/types\/page"}],"author":[{"embeddable":true,"href":"https:\/\/memoria.ceam.unb.br\/index.php\/wp-json\/wp\/v2\/users\/1"}],"replies":[{"embeddable":true,"href":"https:\/\/memoria.ceam.unb.br\/index.php\/wp-json\/wp\/v2\/comments?post=346"}],"version-history":[{"count":13,"href":"https:\/\/memoria.ceam.unb.br\/index.php\/wp-json\/wp\/v2\/pages\/346\/revisions"}],"predecessor-version":[{"id":567,"href":"https:\/\/memoria.ceam.unb.br\/index.php\/wp-json\/wp\/v2\/pages\/346\/revisions\/567"}],"up":[{"embeddable":true,"href":"https:\/\/memoria.ceam.unb.br\/index.php\/wp-json\/wp\/v2\/pages\/77"}],"wp:attachment":[{"href":"https:\/\/memoria.ceam.unb.br\/index.php\/wp-json\/wp\/v2\/media?parent=346"}],"curies":[{"name":"wp","href":"https:\/\/api.w.org\/{rel}","templated":true}]}}

<div class="wp-block-image"><figure class="aligncenter size-large"><img loading="lazy" decoding="async" width="1024" height="27" src="https://ceam.cdtc.unb.br/wp-content/uploads/2021/09/cabecalho02_historias_cruzadas-1024x27.jpg" alt="" class="wp-image-554"/></figure></div>



<figure class="wp-block-audio aligncenter"><audio controls src="https://ceam.cdtc.unb.br/wp-content/uploads/2021/09/Aldo-Paviani-Daphane-Machado.mp3"></audio></figure>


<style id="kt-blocks_75a55c-ab">#kt-adv-heading_75a55c-ab, #kt-adv-heading_75a55c-ab .wp-block-kadence-advancedheading, .wp-block-kadence-advancedheading.kt-adv-heading_75a55c-ab[data-kb-block="kb-adv-heading_75a55c-ab"], .kadence-advanced-heading-wrapper .kt-adv-heading_75a55c-ab[data-kb-block="kb-adv-heading_75a55c-ab"]{text-align:center;color:#167abe;}</style>
<h5 class="kt-adv-heading_75a55c-ab wp-block-kadence-advancedheading" data-kb-block="kb-adv-heading_75a55c-ab">Aldo Paviani &#8211; Por Daphne Machado</h5>



<p></p>



<div class="wp-block-columns is-layout-flex wp-container-core-columns-is-layout-9d6595d7 wp-block-columns-is-layout-flex">
<div class="wp-block-column is-layout-flow wp-block-column-is-layout-flow" style="--col-width:10%;flex-basis:10%"></div>



<div class="wp-block-column is-layout-flow wp-block-column-is-layout-flow" style="--col-width:120%;flex-basis:120%">
<p>Sou geógrafo, urbanista e ativo aposentado. Preocupa-me a organização dos espaços urbanos e ambientais, a construção geográfica do espaço.</p>



<p><br>O que desejamos, o que queremos para as metrópoles, as cidades em geral? Trabalho, alimentação, deslocamento, educação, vegetação, água, qualidade do ar, cultura, entretenimento, qualidade de vida para todos.</p>



<p><br>O que possuímos: desigualdades espaciais, grande volume de desemprego nas periferias metropolitanas, dificuldade de acesso à alimentação, ao deslocamento e à educação, pouca ou nenhuma vegetação, escassez de água, mananciais e lençóis freáticos secos, baixa qualidade do ar, sem acesso à cultura e ao entretenimento, e<br>baixa qualidade de vida.</p>



<p><br>Brasília é o lugar onde as desigualdades são mais aparentes, apesar de possuir o 1º lugar em qualidade de vida no Brasil, possuir 70% de área rural, ser a região brasileira em 11º lugar na produção de feijão, reter o maior índice de produtividade e possuir 68 mil hectares plantados de soja e 60 mil hectares de milho. É caracterizada por fornecer serviços, não há indústrias ou empresas disponíveis para assumir a mão de<br>obra disponível.</p>



<p><br>Continuo disposto a contribuir com o planejamento dos espaços culturais e discutir soluções para esses problemas, no que, de fato, ainda trabalho.</p>
</div>



<div class="wp-block-column is-layout-flow wp-block-column-is-layout-flow" style="--col-width:10%;flex-basis:10%"></div>
</div>



<p></p>



<div class="wp-block-kadence-spacer aligncenter kt-block-spacer-_719787-fe"><div class="kt-block-spacer kt-block-spacer-halign-center" style="height:25px"><hr class="kt-divider" style="border-top-color:#eee;border-top-width:1px;width:80%;border-top-style:solid"/></div></div>



<div class="wp-block-columns is-layout-flex wp-container-core-columns-is-layout-9d6595d7 wp-block-columns-is-layout-flex">
<div class="wp-block-column is-layout-flow wp-block-column-is-layout-flow" style="--col-width:25%;flex-basis:25%"><style id="kt-blocks_c0e94d-9e">.kt-svg-icons_c0e94d-9e .kt-svg-item-0:hover .kt-svg-icon {color:#0F8B8D!important;}</style>
<div class="wp-block-kadence-icon kt-svg-icons kt-svg-icons_c0e94d-9e alignnone" style="text-align:center"><div class="kt-svg-style-default kt-svg-icon-wrap kt-svg-item-0"><a href="https://ceam.cdtc.unb.br/index.php/historias-cruzadas/hcpg7-aldo_pavianitfm/" class="kt-svg-icon-link"><div style="display:inline-flex;justify-content:center;align-items:center;color:#444444" class="kt-svg-icon kt-svg-icon-fe_arrowLeftCircle"><svg style="display:inline-block;vertical-align:middle" viewbox="0 0 24 24" height="50" width="50" fill="none" stroke="currentColor" xmlns="http://www.w3.org/2000/svg" stroke-width="2" stroke-linecap="round" stroke-linejoin="round"><title>Página Anterior</title><circle cx="12" cy="12" r="10"></circle><polyline points="12 8 8 12 12 16"></polyline><line x1="16" y1="12" x2="8" y2="12"></line></svg></div></a></div></div>
</div>



<div class="wp-block-column is-layout-flow wp-block-column-is-layout-flow" style="--col-width:50%;flex-basis:50%"></div>



<div class="wp-block-column is-layout-flow wp-block-column-is-layout-flow" style="--col-width:25%;flex-basis:25%"><style id="kt-blocks_e51fb2-60">.kt-svg-icons_e51fb2-60 .kt-svg-item-0:hover .kt-svg-icon {color:#0F8B8D!important;}</style>
<div class="wp-block-kadence-icon kt-svg-icons kt-svg-icons_e51fb2-60 alignnone" style="text-align:center"><div class="kt-svg-style-default kt-svg-icon-wrap kt-svg-item-0"><a href="https://ceam.cdtc.unb.br/index.php/historias-cruzadas/hcp9_aldo_pavianimn/" class="kt-svg-icon-link"><div style="display:inline-flex;justify-content:center;align-items:center;color:#444444" class="kt-svg-icon kt-svg-icon-fe_arrowRightCircle"><svg style="display:inline-block;vertical-align:middle" viewbox="0 0 24 24" height="50" width="50" fill="none" stroke="currentColor" xmlns="http://www.w3.org/2000/svg" stroke-width="2" stroke-linecap="round" stroke-linejoin="round"><title>Próxima Página</title><circle cx="12" cy="12" r="10"></circle><polyline points="12 16 16 12 12 8"></polyline><line x1="8" y1="12" x2="16" y2="12"></line></svg></div></a></div></div>
</div>
</div>
