{"id":834,"date":"2021-09-23T16:50:23","date_gmt":"2021-09-23T19:50:23","guid":{"rendered":"https:\/\/ceam.cdtc.unb.br\/index.php\/historias-cruzadas\/hcpg34_edileuza_penha_egcarta-2\/"},"modified":"2021-09-24T11:36:06","modified_gmt":"2021-09-24T14:36:06","slug":"hcpg64_maria_madalena_jgcarta","status":"publish","type":"page","link":"https:\/\/memoria.ceam.unb.br\/index.php\/historias-cruzadas\/hcpg64_maria_madalena_jgcarta\/","title":{"rendered":"hcpg64_maria_madalena_JGcarta"},"content":{"rendered":"\n<div class=\"wp-block-image\"><figure class=\"aligncenter size-large\"><img loading=\"lazy\" decoding=\"async\" width=\"1024\" height=\"27\" src=\"https:\/\/ceam.cdtc.unb.br\/wp-content\/uploads\/2021\/09\/cabecalho01_historias_cruzadas-1024x27.jpg\" alt=\"\" class=\"wp-image-553\"\/><\/figure><\/div>\n\n\n<style id=\"kt-blocks_e6a06f-69\">#kt-adv-heading_e6a06f-69, #kt-adv-heading_e6a06f-69 .wp-block-kadence-advancedheading, .wp-block-kadence-advancedheading.kt-adv-heading_e6a06f-69[data-kb-block=\"kb-adv-heading_e6a06f-69\"], .kadence-advanced-heading-wrapper .kt-adv-heading_e6a06f-69[data-kb-block=\"kb-adv-heading_e6a06f-69\"]{text-align:left;color:#167abe;}<\/style>\n<h5 class=\"kt-adv-heading_e6a06f-69 wp-block-kadence-advancedheading\" data-kb-block=\"kb-adv-heading_e6a06f-69\">Maria Madalena Torres &#8211; CARTA DE UM AMIGO por Jos\u00e9 Geraldo Sousa J\u00fanior<\/h5>\n\n\n\n<p><\/p>\n\n\n\n<p><\/p>\n\n\n\n<div class=\"wp-block-columns is-layout-flex wp-container-core-columns-is-layout-9d6595d7 wp-block-columns-is-layout-flex\">\n<div class=\"wp-block-column is-layout-flow wp-block-column-is-layout-flow\" style=\"--col-width:5%;flex-basis:5%\"><\/div>\n\n\n\n<div class=\"wp-block-column is-layout-flow wp-block-column-is-layout-flow\" style=\"--col-width:115%;flex-basis:115%\">\n<p>A Professora Maria Madalena Torres tem, sua hist\u00f3ria de vida entrela\u00e7ada \u00e0 cidade (ela \u00e9 cidad\u00e3 honor\u00e1ria de Bras\u00edlia) e \u00e0 universidade que quase se pode dizer ela \u00e9 uma verdadeira dirigente de uma iniver(c)idade. Desde 1986, quando iniciou sua experi\u00eancia na alfabetiza\u00e7\u00e3o de jovens e adultos pelo \u201cm\u00e9todo\u201d Paulo Freire, no N\u00facleo Paulo Freire de Alfabetiza\u00e7\u00e3o de Adultos, ela j\u00e1 se aproximou da UnB (n\u00e3o s\u00f3 academicamente), mas como ativista da causa da educa\u00e7\u00e3o e da cidadania, articulando comunidade e universidade. O Centro Educa\u00e7\u00e3o Paulo Freire de Ceil\u00e2ndia (Cepafre), do qual \u00e9 integrante e fundsadora, funciona desde 1989 na UnB, em Ceil\u00e2ncia, no ent\u00e3o Centro de Extens\u00e3o, hoje N\u00facleo de Pr\u00e1tica Jur\u00eddica da Faculdade de Direito. Integrante dos movimentos organizados de Ceil\u00e2ndia, \u00e9 ativista e dirigente do Movimento Popular por uma Ceil\u00e2ndia Melhor (Mopocem), do Grupo de Trabalho Pr\u00f3-Alfabetiza\u00e7\u00e3o \u2013 GTPA\/ F\u00f3rum EJA \u2013 DF e dos programas de extens\u00e3o da UnB, Centro de Mem\u00f3ria Viva (CMV) e Grito Social das \u00c1guas. Junto com o MOPUC, movimento pela instala\u00e7\u00e3o da UnB em Ceil\u00e2ndia, teve papel importante para conquistar apoios com a instala\u00e7\u00e3o da universidade na cidade. Eu a conheci ao<br>tempo da implanta\u00e7\u00e3o CEI (Campanha de Erradica\u00e7\u00e3o de Invas\u00f5es) e nas lutas pela consolida\u00e7\u00e3o da cidade. Principalmente nas rela\u00e7\u00f5es com o CEPAFRE (lembro-me de Madalena me mostrando o molde em cimento das m\u00e3os de Paulo Freire, marcando sua contribui\u00e7\u00e3o ao CEPAFRE. Por isso, Reitor (2008-2012) da UnB e tendo instalado o Conselho Comunit\u00e1rio da UnB, uma  promessa esquecida de seu projeto, n\u00e3o hesitei em indicar Madalena para integr\u00e1-lo, feliz por ter a indica\u00e7\u00e3o acolhida, num demonstra\u00e7\u00e3o cabal de seu papel de interlocu\u00e7\u00e3o comunidade e universidade. Papel imediatamente avalizado pela Institui\u00e7\u00e3o desde que logo ela passou a representar o Conselho Comunit\u00e1rio no Conselho Universit\u00e1rio da UnB, um lugar de dirigente da<br>Institui\u00e7\u00e3o, alcan\u00e7ado pela legitimidade e compet\u00eancia nesse entrela\u00e7amento de um belo projeto de vida com o projeto social que ela t\u00e3o dignamente conduz.<\/p>\n\n\n\n<p><br><strong><em>Prof. Dr. Jos\u00e9 Geraldo de Sousa J\u00fanior<\/em><\/strong><\/p>\n<\/div>\n\n\n\n<div class=\"wp-block-column is-layout-flow wp-block-column-is-layout-flow\" style=\"--col-width:5%;flex-basis:5%\"><\/div>\n<\/div>\n\n\n\n<p><\/p>\n\n\n\n<div class=\"wp-block-kadence-spacer aligncenter kt-block-spacer-_719787-fe\"><div class=\"kt-block-spacer kt-block-spacer-halign-center\" style=\"height:25px\"><hr class=\"kt-divider\" style=\"border-top-color:#eee;border-top-width:1px;width:80%;border-top-style:solid\"\/><\/div><\/div>\n\n\n\n<div class=\"wp-block-columns is-layout-flex wp-container-core-columns-is-layout-9d6595d7 wp-block-columns-is-layout-flex\">\n<div class=\"wp-block-column is-layout-flow wp-block-column-is-layout-flow\" style=\"--col-width:25%;flex-basis:25%\"><style id=\"kt-blocks_c0e94d-9e\">.kt-svg-icons_c0e94d-9e .kt-svg-item-0:hover .kt-svg-icon {color:#0F8B8D!important;}<\/style>\n<div class=\"wp-block-kadence-icon kt-svg-icons kt-svg-icons_c0e94d-9e alignnone\" style=\"text-align:center\"><div class=\"kt-svg-style-default kt-svg-icon-wrap kt-svg-item-0\"><a href=\"https:\/\/ceam.cdtc.unb.br\/index.php\/historias-cruzadas\/hcpg63_maria_madalenasg\/\" class=\"kt-svg-icon-link\"><div style=\"display:inline-flex;justify-content:center;align-items:center;color:#444444\" class=\"kt-svg-icon kt-svg-icon-fe_arrowLeftCircle\"><svg style=\"display:inline-block;vertical-align:middle\" viewbox=\"0 0 24 24\" height=\"50\" width=\"50\" fill=\"none\" stroke=\"currentColor\" xmlns=\"http:\/\/www.w3.org\/2000\/svg\" stroke-width=\"2\" stroke-linecap=\"round\" stroke-linejoin=\"round\"><title>P\u00e1gina Anterior<\/title><circle cx=\"12\" cy=\"12\" r=\"10\"><\/circle><polyline points=\"12 8 8 12 12 16\"><\/polyline><line x1=\"16\" y1=\"12\" x2=\"8\" y2=\"12\"><\/line><\/svg><\/div><\/a><\/div><\/div>\n<\/div>\n\n\n\n<div class=\"wp-block-column is-layout-flow wp-block-column-is-layout-flow\" style=\"--col-width:50%;flex-basis:50%\"><\/div>\n\n\n\n<div class=\"wp-block-column is-layout-flow wp-block-column-is-layout-flow\" style=\"--col-width:25%;flex-basis:25%\"><style id=\"kt-blocks_e51fb2-60\">.kt-svg-icons_e51fb2-60 .kt-svg-item-0:hover .kt-svg-icon {color:#0F8B8D!important;}<\/style>\n<div class=\"wp-block-kadence-icon kt-svg-icons kt-svg-icons_e51fb2-60 alignnone\" style=\"text-align:center\"><div class=\"kt-svg-style-default kt-svg-icon-wrap kt-svg-item-0\"><a href=\"https:\/\/ceam.cdtc.unb.br\/index.php\/historias-cruzadas\/hcpg65_maria_madalena_lmccarta\/\" class=\"kt-svg-icon-link\"><div style=\"display:inline-flex;justify-content:center;align-items:center;color:#444444\" class=\"kt-svg-icon kt-svg-icon-fe_arrowRightCircle\"><svg style=\"display:inline-block;vertical-align:middle\" viewbox=\"0 0 24 24\" height=\"50\" width=\"50\" fill=\"none\" stroke=\"currentColor\" xmlns=\"http:\/\/www.w3.org\/2000\/svg\" stroke-width=\"2\" stroke-linecap=\"round\" stroke-linejoin=\"round\"><title>Pr\u00f3xima P\u00e1gina<\/title><circle cx=\"12\" cy=\"12\" r=\"10\"><\/circle><polyline points=\"12 16 16 12 12 8\"><\/polyline><line x1=\"8\" y1=\"12\" x2=\"16\" y2=\"12\"><\/line><\/svg><\/div><\/a><\/div><\/div>\n<\/div>\n<\/div>\n","protected":false},"excerpt":{"rendered":"<p>Maria Madalena Torres &#8211; CARTA DE \u2026 <\/p>\n","protected":false},"author":2,"featured_media":0,"parent":77,"menu_order":0,"comment_status":"closed","ping_status":"closed","template":"","meta":{"footnotes":""},"class_list":["post-834","page","type-page","status-publish","hentry"],"_links":{"self":[{"href":"https:\/\/memoria.ceam.unb.br\/index.php\/wp-json\/wp\/v2\/pages\/834","targetHints":{"allow":["GET"]}}],"collection":[{"href":"https:\/\/memoria.ceam.unb.br\/index.php\/wp-json\/wp\/v2\/pages"}],"about":[{"href":"https:\/\/memoria.ceam.unb.br\/index.php\/wp-json\/wp\/v2\/types\/page"}],"author":[{"embeddable":true,"href":"https:\/\/memoria.ceam.unb.br\/index.php\/wp-json\/wp\/v2\/users\/2"}],"replies":[{"embeddable":true,"href":"https:\/\/memoria.ceam.unb.br\/index.php\/wp-json\/wp\/v2\/comments?post=834"}],"version-history":[{"count":3,"href":"https:\/\/memoria.ceam.unb.br\/index.php\/wp-json\/wp\/v2\/pages\/834\/revisions"}],"predecessor-version":[{"id":1043,"href":"https:\/\/memoria.ceam.unb.br\/index.php\/wp-json\/wp\/v2\/pages\/834\/revisions\/1043"}],"up":[{"embeddable":true,"href":"https:\/\/memoria.ceam.unb.br\/index.php\/wp-json\/wp\/v2\/pages\/77"}],"wp:attachment":[{"href":"https:\/\/memoria.ceam.unb.br\/index.php\/wp-json\/wp\/v2\/media?parent=834"}],"curies":[{"name":"wp","href":"https:\/\/api.w.org\/{rel}","templated":true}]}}

<div class="wp-block-image"><figure class="aligncenter size-large"><img loading="lazy" decoding="async" width="1024" height="27" src="https://ceam.cdtc.unb.br/wp-content/uploads/2021/09/cabecalho01_historias_cruzadas-1024x27.jpg" alt="" class="wp-image-553"/></figure></div>


<style id="kt-blocks_e6a06f-69">#kt-adv-heading_e6a06f-69, #kt-adv-heading_e6a06f-69 .wp-block-kadence-advancedheading, .wp-block-kadence-advancedheading.kt-adv-heading_e6a06f-69[data-kb-block="kb-adv-heading_e6a06f-69"], .kadence-advanced-heading-wrapper .kt-adv-heading_e6a06f-69[data-kb-block="kb-adv-heading_e6a06f-69"]{text-align:left;color:#167abe;}</style>
<h5 class="kt-adv-heading_e6a06f-69 wp-block-kadence-advancedheading" data-kb-block="kb-adv-heading_e6a06f-69">Maria Madalena Torres &#8211; CARTA DE UM AMIGO por José Geraldo Sousa Júnior</h5>



<p></p>



<p></p>



<div class="wp-block-columns is-layout-flex wp-container-core-columns-is-layout-9d6595d7 wp-block-columns-is-layout-flex">
<div class="wp-block-column is-layout-flow wp-block-column-is-layout-flow" style="--col-width:5%;flex-basis:5%"></div>



<div class="wp-block-column is-layout-flow wp-block-column-is-layout-flow" style="--col-width:115%;flex-basis:115%">
<p>A Professora Maria Madalena Torres tem, sua história de vida entrelaçada à cidade (ela é cidadã honorária de Brasília) e à universidade que quase se pode dizer ela é uma verdadeira dirigente de uma iniver(c)idade. Desde 1986, quando iniciou sua experiência na alfabetização de jovens e adultos pelo “método” Paulo Freire, no Núcleo Paulo Freire de Alfabetização de Adultos, ela já se aproximou da UnB (não só academicamente), mas como ativista da causa da educação e da cidadania, articulando comunidade e universidade. O Centro Educação Paulo Freire de Ceilândia (Cepafre), do qual é integrante e fundsadora, funciona desde 1989 na UnB, em Ceilância, no então Centro de Extensão, hoje Núcleo de Prática Jurídica da Faculdade de Direito. Integrante dos movimentos organizados de Ceilândia, é ativista e dirigente do Movimento Popular por uma Ceilândia Melhor (Mopocem), do Grupo de Trabalho Pró-Alfabetização – GTPA/ Fórum EJA – DF e dos programas de extensão da UnB, Centro de Memória Viva (CMV) e Grito Social das Águas. Junto com o MOPUC, movimento pela instalação da UnB em Ceilândia, teve papel importante para conquistar apoios com a instalação da universidade na cidade. Eu a conheci ao<br>tempo da implantação CEI (Campanha de Erradicação de Invasões) e nas lutas pela consolidação da cidade. Principalmente nas relações com o CEPAFRE (lembro-me de Madalena me mostrando o molde em cimento das mãos de Paulo Freire, marcando sua contribuição ao CEPAFRE. Por isso, Reitor (2008-2012) da UnB e tendo instalado o Conselho Comunitário da UnB, uma  promessa esquecida de seu projeto, não hesitei em indicar Madalena para integrá-lo, feliz por ter a indicação acolhida, num demonstração cabal de seu papel de interlocução comunidade e universidade. Papel imediatamente avalizado pela Instituição desde que logo ela passou a representar o Conselho Comunitário no Conselho Universitário da UnB, um lugar de dirigente da<br>Instituição, alcançado pela legitimidade e competência nesse entrelaçamento de um belo projeto de vida com o projeto social que ela tão dignamente conduz.</p>



<p><br><strong><em>Prof. Dr. José Geraldo de Sousa Júnior</em></strong></p>
</div>



<div class="wp-block-column is-layout-flow wp-block-column-is-layout-flow" style="--col-width:5%;flex-basis:5%"></div>
</div>



<p></p>



<div class="wp-block-kadence-spacer aligncenter kt-block-spacer-_719787-fe"><div class="kt-block-spacer kt-block-spacer-halign-center" style="height:25px"><hr class="kt-divider" style="border-top-color:#eee;border-top-width:1px;width:80%;border-top-style:solid"/></div></div>



<div class="wp-block-columns is-layout-flex wp-container-core-columns-is-layout-9d6595d7 wp-block-columns-is-layout-flex">
<div class="wp-block-column is-layout-flow wp-block-column-is-layout-flow" style="--col-width:25%;flex-basis:25%"><style id="kt-blocks_c0e94d-9e">.kt-svg-icons_c0e94d-9e .kt-svg-item-0:hover .kt-svg-icon {color:#0F8B8D!important;}</style>
<div class="wp-block-kadence-icon kt-svg-icons kt-svg-icons_c0e94d-9e alignnone" style="text-align:center"><div class="kt-svg-style-default kt-svg-icon-wrap kt-svg-item-0"><a href="https://ceam.cdtc.unb.br/index.php/historias-cruzadas/hcpg63_maria_madalenasg/" class="kt-svg-icon-link"><div style="display:inline-flex;justify-content:center;align-items:center;color:#444444" class="kt-svg-icon kt-svg-icon-fe_arrowLeftCircle"><svg style="display:inline-block;vertical-align:middle" viewbox="0 0 24 24" height="50" width="50" fill="none" stroke="currentColor" xmlns="http://www.w3.org/2000/svg" stroke-width="2" stroke-linecap="round" stroke-linejoin="round"><title>Página Anterior</title><circle cx="12" cy="12" r="10"></circle><polyline points="12 8 8 12 12 16"></polyline><line x1="16" y1="12" x2="8" y2="12"></line></svg></div></a></div></div>
</div>



<div class="wp-block-column is-layout-flow wp-block-column-is-layout-flow" style="--col-width:50%;flex-basis:50%"></div>



<div class="wp-block-column is-layout-flow wp-block-column-is-layout-flow" style="--col-width:25%;flex-basis:25%"><style id="kt-blocks_e51fb2-60">.kt-svg-icons_e51fb2-60 .kt-svg-item-0:hover .kt-svg-icon {color:#0F8B8D!important;}</style>
<div class="wp-block-kadence-icon kt-svg-icons kt-svg-icons_e51fb2-60 alignnone" style="text-align:center"><div class="kt-svg-style-default kt-svg-icon-wrap kt-svg-item-0"><a href="https://ceam.cdtc.unb.br/index.php/historias-cruzadas/hcpg65_maria_madalena_lmccarta/" class="kt-svg-icon-link"><div style="display:inline-flex;justify-content:center;align-items:center;color:#444444" class="kt-svg-icon kt-svg-icon-fe_arrowRightCircle"><svg style="display:inline-block;vertical-align:middle" viewbox="0 0 24 24" height="50" width="50" fill="none" stroke="currentColor" xmlns="http://www.w3.org/2000/svg" stroke-width="2" stroke-linecap="round" stroke-linejoin="round"><title>Próxima Página</title><circle cx="12" cy="12" r="10"></circle><polyline points="12 16 16 12 12 8"></polyline><line x1="8" y1="12" x2="16" y2="12"></line></svg></div></a></div></div>
</div>
</div>
