{"id":887,"date":"2021-09-23T17:53:46","date_gmt":"2021-09-23T20:53:46","guid":{"rendered":"https:\/\/ceam.cdtc.unb.br\/index.php\/historias-cruzadas\/hcpg75_maria_da_gloriaps-2\/"},"modified":"2021-09-26T18:27:42","modified_gmt":"2021-09-26T21:27:42","slug":"hcpg76_maria_da_gloriamn","status":"publish","type":"page","link":"https:\/\/memoria.ceam.unb.br\/index.php\/historias-cruzadas\/hcpg76_maria_da_gloriamn\/","title":{"rendered":"hcpg76_maria_da_gloriaMN"},"content":{"rendered":"\n<figure class=\"wp-block-image size-large\"><img loading=\"lazy\" decoding=\"async\" width=\"1024\" height=\"27\" src=\"https:\/\/ceam.cdtc.unb.br\/wp-content\/uploads\/2021\/09\/cabecalho01_historias_cruzadas-1024x27.jpg\" alt=\"\" class=\"wp-image-553\"\/><\/figure>\n\n\n\n<figure class=\"wp-block-audio\"><audio controls src=\"https:\/\/ceam.cdtc.unb.br\/wp-content\/uploads\/2021\/09\/Ma-da-Gloria-da-V.-Moura-Monica-Nogueira-2.mp3\"><\/audio><\/figure>\n\n\n<style id=\"kt-blocks_20df2c-41\">#kt-adv-heading_20df2c-41, #kt-adv-heading_20df2c-41 .wp-block-kadence-advancedheading, .wp-block-kadence-advancedheading.kt-adv-heading_20df2c-41[data-kb-block=\"kb-adv-heading_20df2c-41\"], .kadence-advanced-heading-wrapper .kt-adv-heading_20df2c-41[data-kb-block=\"kb-adv-heading_20df2c-41\"]{text-align:center;color:#167abe;}<\/style>\n<h5 class=\"kt-adv-heading_20df2c-41 wp-block-kadence-advancedheading\" data-kb-block=\"kb-adv-heading_20df2c-41\">Gl\u00f3ria Moura, mas pode me chamar alegria &#8211; Por M\u00f4nica Nogueira<\/h5>\n\n\n\n<p><\/p>\n\n\n\n<div class=\"wp-block-columns is-layout-flex wp-container-core-columns-is-layout-9d6595d7 wp-block-columns-is-layout-flex\">\n<div class=\"wp-block-column is-layout-flow wp-block-column-is-layout-flow\" style=\"--col-width:15%;flex-basis:15%\"><\/div>\n\n\n\n<div class=\"wp-block-column is-layout-flow wp-block-column-is-layout-flow\" style=\"--col-width:100%;flex-basis:100%\">\n<p>Fecho os olhos e sinto o cheiro de velhas aldeias. O fog\u00e3o a lenha de mam\u00e3e impregna a casa, cabelos e roupas. Se vov\u00f4 vem do Mercado de S\u00e3o Pedro, na velha Niter\u00f3i, logo os cheiros de pescados tamb\u00e9m se misturam no ar. Estamos todos envoltos em uma atmosfera morna e gentil, compassada pelo ritmo dos afazeres dom\u00e9sticos. Panelas areadas ornam prateleiras e paredes da cozinha. O alarido alegre dos dias ecoa pela casa. Os passos agitam as t\u00e1buas que a percorrem.<\/p>\n\n\n\n<p><br>Mam\u00e3e me chama: &#8211; Minha Queza! Sou, para ela, uma pequena joia, protegida por Nossa Senhora Menina. Tanto mam\u00e3e chorou e rogou por minha sa\u00fade, que a santinha me acolheu em seus bra\u00e7os. Quem sabe n\u00e3o foi ela &#8211; a santinha &#8211; quem me deixou, entre achas de lenha, aquela pequena cruz? Tinha eu oito anos, ent\u00e3o.<\/p>\n\n\n\n<p><br>Eu mantive a pequena cruz comigo ao longo de toda vida. Ainda hoje me lembro<br>de t\u00ea-la pendurado sobre o calend\u00e1rio da Uni\u00e3o Nacional dos Estudantes de 1964. Eu j\u00e1 era uma jovem mulher. Engajei-me em lutas por liberdades e justi\u00e7a. Conheci Carlos, companheiro em todas elas, com quem me casei. Frutificamos em 4 filhas.<\/p>\n\n\n\n<p><br>Tempos adversos aqueles sessenta, setenta. Carlos \u00e9 preso pelo governo militar. Me vejo sozinha com as crian\u00e7as. Mam\u00e3e \u00e9 quem me socorre. Enquanto trabalho, ela cuida dos netos.<\/p>\n\n\n\n<p><br>Em 76, deixo Niter\u00f3i para residir em Bras\u00edlia, ant\u00edtese do litoral fluminense, uma<br>cidade \u00e1rida e angulosa. Bras\u00edlia ergue-se do ch\u00e3o vermelho do Planalto Central, sob os nossos olhos, prenhe de possibilidades.<\/p>\n\n\n\n<p><br>Inicio o mestrado em educa\u00e7\u00e3o na Universidade de Bras\u00edlia, mas aqui tamb\u00e9m os<br>coturnos nos alcan\u00e7am. Um ano depois da nossa chegada, a Universidade \u00e9 ocupada por tropas militares. Atravesso os corredores da Faculdade de Educa\u00e7\u00e3o na companhia de Ang\u00e9lica, amiga de JUC, a Juventude Universit\u00e1ria Cat\u00f3lica. A boca seca. O junho frio. Convencemos professores e estudantes a interromperem as aulas em protesto. Tempos duros aqueles.<\/p>\n\n\n\n<p><br>Mas a devo\u00e7\u00e3o a Nossa Senhora, aprendida entre as ladainhas e ora\u00e7\u00f5es tantas<br>vezes repetidas por mam\u00e3e, me acompanhou sempre. Uma f\u00e9 de que tudo passa, o<br>bem prevalece e a vida pede celebra\u00e7\u00e3o. Essa mesma f\u00e9 e alegria encontrei entre as comunidades quilombolas, minhas interlocutoras de pesquisa por longos anos. F\u00e9, alegria e o aroma de lenha, como na casa de minha inf\u00e2ncia.<\/p>\n\n\n\n<p><br>Hoje madura, me sinto uma gameleira frondosa. As filhas cresceram e se tornaram galhos fortes: D\u00e9bora, Luciana, Cristina e Carla. Floresceram netos: Bruno, Aisha e Marina. A natureza, a vida que segue, obras do divino.<\/p>\n\n\n\n<p><br>O doutorado veio aos 61 anos. Carlos sempre ao meu lado, o austero companheiro, me ensinou sobre o amor em todas as idades. Que vir\u00e1 aos 80, aos 90? Sinto que ainda tenho ramos por desabrochar. \u201c\u00c9 a vida, mais que a morte, que n\u00e3o tem limites\u201d, disse o comandante do barco que levou Fermina Daza rio afora. Estou nesse barco e sigo em viagem. Vivo todo e cada dia com a alegria do novo.<\/p>\n<\/div>\n\n\n\n<div class=\"wp-block-column is-layout-flow wp-block-column-is-layout-flow\" style=\"--col-width:15%;flex-basis:15%\"><\/div>\n<\/div>\n\n\n\n<div class=\"wp-block-kadence-spacer aligncenter kt-block-spacer-_ec2425-a2\"><div class=\"kt-block-spacer kt-block-spacer-halign-center\" style=\"height:25px\"><hr class=\"kt-divider\" style=\"border-top-color:#eee;border-top-width:1px;width:80%;border-top-style:solid\"\/><\/div><\/div>\n\n\n\n<div class=\"wp-block-columns is-layout-flex wp-container-core-columns-is-layout-9d6595d7 wp-block-columns-is-layout-flex\">\n<div class=\"wp-block-column is-layout-flow wp-block-column-is-layout-flow\" style=\"--col-width:25%;flex-basis:25%\"><style id=\"kt-blocks_957cab-4e\">.kt-svg-icons_957cab-4e .kt-svg-item-0:hover .kt-svg-icon {color:#0F8B8D!important;}<\/style>\n<div class=\"wp-block-kadence-icon kt-svg-icons kt-svg-icons_957cab-4e alignnone\" style=\"text-align:center\"><div class=\"kt-svg-style-default kt-svg-icon-wrap kt-svg-item-0\"><a href=\"https:\/\/ceam.cdtc.unb.br\/index.php\/historias-cruzadas\/hcpg75_maria_da_gloriaps\/\" class=\"kt-svg-icon-link\"><div style=\"display:inline-flex;justify-content:center;align-items:center;color:#444444\" class=\"kt-svg-icon kt-svg-icon-fe_arrowLeftCircle\"><svg style=\"display:inline-block;vertical-align:middle\" viewbox=\"0 0 24 24\" height=\"50\" width=\"50\" fill=\"none\" stroke=\"currentColor\" xmlns=\"http:\/\/www.w3.org\/2000\/svg\" stroke-width=\"2\" stroke-linecap=\"round\" stroke-linejoin=\"round\"><title>P\u00e1gina Anterior<\/title><circle cx=\"12\" cy=\"12\" r=\"10\"><\/circle><polyline points=\"12 8 8 12 12 16\"><\/polyline><line x1=\"16\" y1=\"12\" x2=\"8\" y2=\"12\"><\/line><\/svg><\/div><\/a><\/div><\/div>\n<\/div>\n\n\n\n<div class=\"wp-block-column is-layout-flow wp-block-column-is-layout-flow\" style=\"--col-width:50%;flex-basis:50%\"><\/div>\n\n\n\n<div class=\"wp-block-column is-layout-flow wp-block-column-is-layout-flow\" style=\"--col-width:25%;flex-basis:25%\"><style id=\"kt-blocks_a20bf9-b5\">.kt-svg-icons_a20bf9-b5 .kt-svg-item-0:hover .kt-svg-icon {color:#0F8B8D!important;}<\/style>\n<div class=\"wp-block-kadence-icon kt-svg-icons kt-svg-icons_a20bf9-b5 alignnone\" style=\"text-align:center\"><div class=\"kt-svg-style-default kt-svg-icon-wrap kt-svg-item-0\"><a href=\"https:\/\/ceam.cdtc.unb.br\/index.php\/historias-cruzadas\/hcpg77_maria_da_gloriaip\/\" class=\"kt-svg-icon-link\"><div style=\"display:inline-flex;justify-content:center;align-items:center;color:#444444\" class=\"kt-svg-icon kt-svg-icon-fe_arrowRightCircle\"><svg style=\"display:inline-block;vertical-align:middle\" viewbox=\"0 0 24 24\" height=\"50\" width=\"50\" fill=\"none\" stroke=\"currentColor\" xmlns=\"http:\/\/www.w3.org\/2000\/svg\" stroke-width=\"2\" stroke-linecap=\"round\" stroke-linejoin=\"round\"><title>Pr\u00f3xima P\u00e1gina<\/title><circle cx=\"12\" cy=\"12\" r=\"10\"><\/circle><polyline points=\"12 16 16 12 12 8\"><\/polyline><line x1=\"8\" y1=\"12\" x2=\"16\" y2=\"12\"><\/line><\/svg><\/div><\/a><\/div><\/div>\n<\/div>\n<\/div>\n","protected":false},"excerpt":{"rendered":"<p>Gl\u00f3ria Moura, mas pode me chamar \u2026 <\/p>\n","protected":false},"author":2,"featured_media":0,"parent":77,"menu_order":0,"comment_status":"closed","ping_status":"closed","template":"","meta":{"footnotes":""},"class_list":["post-887","page","type-page","status-publish","hentry"],"_links":{"self":[{"href":"https:\/\/memoria.ceam.unb.br\/index.php\/wp-json\/wp\/v2\/pages\/887","targetHints":{"allow":["GET"]}}],"collection":[{"href":"https:\/\/memoria.ceam.unb.br\/index.php\/wp-json\/wp\/v2\/pages"}],"about":[{"href":"https:\/\/memoria.ceam.unb.br\/index.php\/wp-json\/wp\/v2\/types\/page"}],"author":[{"embeddable":true,"href":"https:\/\/memoria.ceam.unb.br\/index.php\/wp-json\/wp\/v2\/users\/2"}],"replies":[{"embeddable":true,"href":"https:\/\/memoria.ceam.unb.br\/index.php\/wp-json\/wp\/v2\/comments?post=887"}],"version-history":[{"count":4,"href":"https:\/\/memoria.ceam.unb.br\/index.php\/wp-json\/wp\/v2\/pages\/887\/revisions"}],"predecessor-version":[{"id":1211,"href":"https:\/\/memoria.ceam.unb.br\/index.php\/wp-json\/wp\/v2\/pages\/887\/revisions\/1211"}],"up":[{"embeddable":true,"href":"https:\/\/memoria.ceam.unb.br\/index.php\/wp-json\/wp\/v2\/pages\/77"}],"wp:attachment":[{"href":"https:\/\/memoria.ceam.unb.br\/index.php\/wp-json\/wp\/v2\/media?parent=887"}],"curies":[{"name":"wp","href":"https:\/\/api.w.org\/{rel}","templated":true}]}}

<figure class="wp-block-image size-large"><img loading="lazy" decoding="async" width="1024" height="27" src="https://ceam.cdtc.unb.br/wp-content/uploads/2021/09/cabecalho01_historias_cruzadas-1024x27.jpg" alt="" class="wp-image-553"/></figure>



<figure class="wp-block-audio"><audio controls src="https://ceam.cdtc.unb.br/wp-content/uploads/2021/09/Ma-da-Gloria-da-V.-Moura-Monica-Nogueira-2.mp3"></audio></figure>


<style id="kt-blocks_20df2c-41">#kt-adv-heading_20df2c-41, #kt-adv-heading_20df2c-41 .wp-block-kadence-advancedheading, .wp-block-kadence-advancedheading.kt-adv-heading_20df2c-41[data-kb-block="kb-adv-heading_20df2c-41"], .kadence-advanced-heading-wrapper .kt-adv-heading_20df2c-41[data-kb-block="kb-adv-heading_20df2c-41"]{text-align:center;color:#167abe;}</style>
<h5 class="kt-adv-heading_20df2c-41 wp-block-kadence-advancedheading" data-kb-block="kb-adv-heading_20df2c-41">Glória Moura, mas pode me chamar alegria &#8211; Por Mônica Nogueira</h5>



<p></p>



<div class="wp-block-columns is-layout-flex wp-container-core-columns-is-layout-9d6595d7 wp-block-columns-is-layout-flex">
<div class="wp-block-column is-layout-flow wp-block-column-is-layout-flow" style="--col-width:15%;flex-basis:15%"></div>



<div class="wp-block-column is-layout-flow wp-block-column-is-layout-flow" style="--col-width:100%;flex-basis:100%">
<p>Fecho os olhos e sinto o cheiro de velhas aldeias. O fogão a lenha de mamãe impregna a casa, cabelos e roupas. Se vovô vem do Mercado de São Pedro, na velha Niterói, logo os cheiros de pescados também se misturam no ar. Estamos todos envoltos em uma atmosfera morna e gentil, compassada pelo ritmo dos afazeres domésticos. Panelas areadas ornam prateleiras e paredes da cozinha. O alarido alegre dos dias ecoa pela casa. Os passos agitam as tábuas que a percorrem.</p>



<p><br>Mamãe me chama: &#8211; Minha Queza! Sou, para ela, uma pequena joia, protegida por Nossa Senhora Menina. Tanto mamãe chorou e rogou por minha saúde, que a santinha me acolheu em seus braços. Quem sabe não foi ela &#8211; a santinha &#8211; quem me deixou, entre achas de lenha, aquela pequena cruz? Tinha eu oito anos, então.</p>



<p><br>Eu mantive a pequena cruz comigo ao longo de toda vida. Ainda hoje me lembro<br>de tê-la pendurado sobre o calendário da União Nacional dos Estudantes de 1964. Eu já era uma jovem mulher. Engajei-me em lutas por liberdades e justiça. Conheci Carlos, companheiro em todas elas, com quem me casei. Frutificamos em 4 filhas.</p>



<p><br>Tempos adversos aqueles sessenta, setenta. Carlos é preso pelo governo militar. Me vejo sozinha com as crianças. Mamãe é quem me socorre. Enquanto trabalho, ela cuida dos netos.</p>



<p><br>Em 76, deixo Niterói para residir em Brasília, antítese do litoral fluminense, uma<br>cidade árida e angulosa. Brasília ergue-se do chão vermelho do Planalto Central, sob os nossos olhos, prenhe de possibilidades.</p>



<p><br>Inicio o mestrado em educação na Universidade de Brasília, mas aqui também os<br>coturnos nos alcançam. Um ano depois da nossa chegada, a Universidade é ocupada por tropas militares. Atravesso os corredores da Faculdade de Educação na companhia de Angélica, amiga de JUC, a Juventude Universitária Católica. A boca seca. O junho frio. Convencemos professores e estudantes a interromperem as aulas em protesto. Tempos duros aqueles.</p>



<p><br>Mas a devoção a Nossa Senhora, aprendida entre as ladainhas e orações tantas<br>vezes repetidas por mamãe, me acompanhou sempre. Uma fé de que tudo passa, o<br>bem prevalece e a vida pede celebração. Essa mesma fé e alegria encontrei entre as comunidades quilombolas, minhas interlocutoras de pesquisa por longos anos. Fé, alegria e o aroma de lenha, como na casa de minha infância.</p>



<p><br>Hoje madura, me sinto uma gameleira frondosa. As filhas cresceram e se tornaram galhos fortes: Débora, Luciana, Cristina e Carla. Floresceram netos: Bruno, Aisha e Marina. A natureza, a vida que segue, obras do divino.</p>



<p><br>O doutorado veio aos 61 anos. Carlos sempre ao meu lado, o austero companheiro, me ensinou sobre o amor em todas as idades. Que virá aos 80, aos 90? Sinto que ainda tenho ramos por desabrochar. “É a vida, mais que a morte, que não tem limites”, disse o comandante do barco que levou Fermina Daza rio afora. Estou nesse barco e sigo em viagem. Vivo todo e cada dia com a alegria do novo.</p>
</div>



<div class="wp-block-column is-layout-flow wp-block-column-is-layout-flow" style="--col-width:15%;flex-basis:15%"></div>
</div>



<div class="wp-block-kadence-spacer aligncenter kt-block-spacer-_ec2425-a2"><div class="kt-block-spacer kt-block-spacer-halign-center" style="height:25px"><hr class="kt-divider" style="border-top-color:#eee;border-top-width:1px;width:80%;border-top-style:solid"/></div></div>



<div class="wp-block-columns is-layout-flex wp-container-core-columns-is-layout-9d6595d7 wp-block-columns-is-layout-flex">
<div class="wp-block-column is-layout-flow wp-block-column-is-layout-flow" style="--col-width:25%;flex-basis:25%"><style id="kt-blocks_957cab-4e">.kt-svg-icons_957cab-4e .kt-svg-item-0:hover .kt-svg-icon {color:#0F8B8D!important;}</style>
<div class="wp-block-kadence-icon kt-svg-icons kt-svg-icons_957cab-4e alignnone" style="text-align:center"><div class="kt-svg-style-default kt-svg-icon-wrap kt-svg-item-0"><a href="https://ceam.cdtc.unb.br/index.php/historias-cruzadas/hcpg75_maria_da_gloriaps/" class="kt-svg-icon-link"><div style="display:inline-flex;justify-content:center;align-items:center;color:#444444" class="kt-svg-icon kt-svg-icon-fe_arrowLeftCircle"><svg style="display:inline-block;vertical-align:middle" viewbox="0 0 24 24" height="50" width="50" fill="none" stroke="currentColor" xmlns="http://www.w3.org/2000/svg" stroke-width="2" stroke-linecap="round" stroke-linejoin="round"><title>Página Anterior</title><circle cx="12" cy="12" r="10"></circle><polyline points="12 8 8 12 12 16"></polyline><line x1="16" y1="12" x2="8" y2="12"></line></svg></div></a></div></div>
</div>



<div class="wp-block-column is-layout-flow wp-block-column-is-layout-flow" style="--col-width:50%;flex-basis:50%"></div>



<div class="wp-block-column is-layout-flow wp-block-column-is-layout-flow" style="--col-width:25%;flex-basis:25%"><style id="kt-blocks_a20bf9-b5">.kt-svg-icons_a20bf9-b5 .kt-svg-item-0:hover .kt-svg-icon {color:#0F8B8D!important;}</style>
<div class="wp-block-kadence-icon kt-svg-icons kt-svg-icons_a20bf9-b5 alignnone" style="text-align:center"><div class="kt-svg-style-default kt-svg-icon-wrap kt-svg-item-0"><a href="https://ceam.cdtc.unb.br/index.php/historias-cruzadas/hcpg77_maria_da_gloriaip/" class="kt-svg-icon-link"><div style="display:inline-flex;justify-content:center;align-items:center;color:#444444" class="kt-svg-icon kt-svg-icon-fe_arrowRightCircle"><svg style="display:inline-block;vertical-align:middle" viewbox="0 0 24 24" height="50" width="50" fill="none" stroke="currentColor" xmlns="http://www.w3.org/2000/svg" stroke-width="2" stroke-linecap="round" stroke-linejoin="round"><title>Próxima Página</title><circle cx="12" cy="12" r="10"></circle><polyline points="12 16 16 12 12 8"></polyline><line x1="8" y1="12" x2="16" y2="12"></line></svg></div></a></div></div>
</div>
</div>

<p>Glória Moura, mas pode me chamar … </p>
