{"id":949,"date":"2021-09-23T19:04:52","date_gmt":"2021-09-23T22:04:52","guid":{"rendered":"https:\/\/ceam.cdtc.unb.br\/index.php\/historias-cruzadas\/hcpg15_bernardo_mota_lscarta-2\/"},"modified":"2021-09-24T12:13:24","modified_gmt":"2021-09-24T15:13:24","slug":"hcpg91_milton_de_mello_mmcarta","status":"publish","type":"page","link":"https:\/\/memoria.ceam.unb.br\/index.php\/historias-cruzadas\/hcpg91_milton_de_mello_mmcarta\/","title":{"rendered":"hcpg91_milton_de_mello_MMcarta"},"content":{"rendered":"\n<div class=\"wp-block-image\"><figure class=\"aligncenter size-large\"><img loading=\"lazy\" decoding=\"async\" width=\"1024\" height=\"27\" src=\"https:\/\/ceam.cdtc.unb.br\/wp-content\/uploads\/2021\/09\/cabecalho02_historias_cruzadas-1024x27.jpg\" alt=\"\" class=\"wp-image-554\"\/><\/figure><\/div>\n\n\n<style id=\"kt-blocks_e6a06f-69\">#kt-adv-heading_e6a06f-69, #kt-adv-heading_e6a06f-69 .wp-block-kadence-advancedheading, .wp-block-kadence-advancedheading.kt-adv-heading_e6a06f-69[data-kb-block=\"kb-adv-heading_e6a06f-69\"], .kadence-advanced-heading-wrapper .kt-adv-heading_e6a06f-69[data-kb-block=\"kb-adv-heading_e6a06f-69\"]{text-align:center;color:#167abe;}<\/style>\n<h5 class=\"kt-adv-heading_e6a06f-69 wp-block-kadence-advancedheading\" data-kb-block=\"kb-adv-heading_e6a06f-69\">Milton Thiago de Mello &#8211; Autobiografia<\/h5>\n\n\n\n<p><\/p>\n\n\n\n<p><\/p>\n\n\n\n<div class=\"wp-block-columns is-layout-flex wp-container-core-columns-is-layout-9d6595d7 wp-block-columns-is-layout-flex\">\n<div class=\"wp-block-column is-layout-flow wp-block-column-is-layout-flow\" style=\"--col-width:5%;flex-basis:5%\"><\/div>\n\n\n\n<div class=\"wp-block-column is-layout-flow wp-block-column-is-layout-flow\" style=\"--col-width:115%;flex-basis:115%\">\n<p>O Professor Milton Thiago de Mello nasceu em 5 de fevereiro de 1916 no Rio de Janeiro, Brasil.<\/p>\n\n\n\n<p><br>Depois do curso secund\u00e1rio no Col\u00e9gio Pedro II ingressou no Ex\u00e9rcito Brasileiro como<br>soldado e logo depois aluno da Escola de Veterin\u00e1ria do Ex\u00e9rcito.<\/p>\n\n\n\n<p><br>Mais de 80 anos de sua vida foram dedicados a m\u00faltiplos aspectos da Profiss\u00e3o Veterin\u00e1ria.<\/p>\n\n\n\n<p><br>Inicialmente trabalhando com cavalos no Ex\u00e9rcito Brasileiro e durante alguns anos em cl\u00ednicas de pequenos animais. No Ex\u00e9rcito exerceu diversas fun\u00e7\u00f5es enquanto efetuava pesquisas no Instituto Oswaldo Cruz sobre zoonoses e foi professor na Escola de Veterin\u00e1ria do Ex\u00e9rcito e no Col\u00e9gio Militar do Rio de Janeiro.<\/p>\n\n\n\n<p><br>Suas pesquisas mais importantes, durante d\u00e9cadas, foram concentradas em assuntos de microbiologia aplicada \u00e0 sa\u00fade p\u00fablica (brucelose, peste bub\u00f4nica e outras zoonoses).<\/p>\n\n\n\n<p><br>Depois de um per\u00edodo de pesquisas sobre brucelose como bolsista da Funda\u00e7\u00e3o Guggenheim na Universidade da Calif\u00f3rnia-Berkeley, tornou-se consultor internacional trabalhando muitos anos em v\u00e1rios organismos incluindo OMS, OPAS e FAO, com projetos em diversos pa\u00edses: Estados Unidos, M\u00e9xico, El Salvador, Guatemala, Peru, Haiti e Rep\u00fablica Dominicana.<\/p>\n\n\n\n<p><br>Retornando ao Brasil, continuou trabalhando ativamente em temas relacionados com bem-estar animal, meio ambiente e animais silvestres principalmente primatas, na Universidade de Bras\u00edlia, onde foi Decano de Pesquisas e P\u00f3s-Gradua\u00e7\u00e3o. Foi Presidente da Sociedade Brasileira de Primatologia rec\u00e9m fundada, Secret\u00e1rio para as Am\u00e9ricas da Sociedade Internacional de Primatologia, iniciou a s\u00e9rie de Congressos Brasileiros de Primatologia (atualmente o XV) e durante 25 anos realizou Cursos para graduados sobre primatologia e animais silvestres na Amaz\u00f4nia e outros biomas brasileiros.<\/p>\n\n\n\n<p><br>Nos \u00faltimos anos sua aten\u00e7\u00e3o orientou-se para seguran\u00e7a alimentar com numerosos trabalhos e livros publicados sendo consultor para algumas ag\u00eancias governamentais.<\/p>\n\n\n\n<p>Atualmente, na Presid\u00eancia da Academia Brasileira de Medicina Veterin\u00e1ria em parceria com a Sociedade Nacional de Agricultura, o Prof. Milton continua em plena atividade fazendo palestras, escrevendo trabalhos e livros e participando de congressos nacionais e internacionais. Acaba de regressar da Turquia onde apresentou trabalho no 32\u00ba Congresso Mundial de Veterin\u00e1ria (setembro de 2015).<\/p>\n\n\n\n<p><br>\u00c9 Membro da \u201cNew York Academy of Sciences\u201d e Em\u00e9rito da \u201cAmerican Academy of Microbiology\u201d. Membro Honor\u00e1rio da Sociedade Brasileira de Primatologia, da Associa\u00e7\u00e3o Mico-Le\u00e3o Dourado, da Associa\u00e7\u00e3o de Antigos Funcion\u00e1rios Internacionais do Brasil (AAFIB) e da Associa\u00e7\u00e3o Mundial de Veterin\u00e1ria; \u201cHonorary Fellow\u201d da \u201cZoological Society of London\u201d.<br>Entre as muitas distin\u00e7\u00f5es recebidas, a mais recente foi o Pr\u00eamio John Gamgee, a m\u00e1xima honraria da Profiss\u00e3o Veterin\u00e1ria, concedido durante o 31\u00ba Congresso Mundial de Veterin\u00e1ria (Praga, Rep\u00fablica Tcheca, setembro de 2013).<\/p>\n\n\n\n<p><br><strong><em>Texto escrito e enviado pelo Professor Milton Thiago de Mello para a equipe deste projeto. Professor Milton completou 105 anos em fevereiro de 2021.<\/em><\/strong><\/p>\n<\/div>\n\n\n\n<div class=\"wp-block-column is-layout-flow wp-block-column-is-layout-flow\" style=\"--col-width:5%;flex-basis:5%\"><\/div>\n<\/div>\n\n\n\n<p><\/p>\n\n\n\n<div class=\"wp-block-kadence-spacer aligncenter kt-block-spacer-_719787-fe\"><div class=\"kt-block-spacer kt-block-spacer-halign-center\" style=\"height:25px\"><hr class=\"kt-divider\" style=\"border-top-color:#eee;border-top-width:1px;width:80%;border-top-style:solid\"\/><\/div><\/div>\n\n\n\n<div class=\"wp-block-columns is-layout-flex wp-container-core-columns-is-layout-9d6595d7 wp-block-columns-is-layout-flex\">\n<div class=\"wp-block-column is-layout-flow wp-block-column-is-layout-flow\" style=\"--col-width:25%;flex-basis:25%\"><style id=\"kt-blocks_c0e94d-9e\">.kt-svg-icons_c0e94d-9e .kt-svg-item-0:hover .kt-svg-icon {color:#0F8B8D!important;}<\/style>\n<div class=\"wp-block-kadence-icon kt-svg-icons kt-svg-icons_c0e94d-9e alignnone\" style=\"text-align:center\"><div class=\"kt-svg-style-default kt-svg-icon-wrap kt-svg-item-0\"><a href=\"https:\/\/ceam.cdtc.unb.br\/index.php\/historias-cruzadas\/hcpg90_milton_de_melloip\/\" class=\"kt-svg-icon-link\"><div style=\"display:inline-flex;justify-content:center;align-items:center;color:#444444\" class=\"kt-svg-icon kt-svg-icon-fe_arrowLeftCircle\"><svg style=\"display:inline-block;vertical-align:middle\" viewbox=\"0 0 24 24\" height=\"50\" width=\"50\" fill=\"none\" stroke=\"currentColor\" xmlns=\"http:\/\/www.w3.org\/2000\/svg\" stroke-width=\"2\" stroke-linecap=\"round\" stroke-linejoin=\"round\"><title>P\u00e1gina Anterior<\/title><circle cx=\"12\" cy=\"12\" r=\"10\"><\/circle><polyline points=\"12 8 8 12 12 16\"><\/polyline><line x1=\"16\" y1=\"12\" x2=\"8\" y2=\"12\"><\/line><\/svg><\/div><\/a><\/div><\/div>\n<\/div>\n\n\n\n<div class=\"wp-block-column is-layout-flow wp-block-column-is-layout-flow\" style=\"--col-width:50%;flex-basis:50%\"><\/div>\n\n\n\n<div class=\"wp-block-column is-layout-flow wp-block-column-is-layout-flow\" style=\"--col-width:25%;flex-basis:25%\"><style id=\"kt-blocks_e51fb2-60\">.kt-svg-icons_e51fb2-60 .kt-svg-item-0:hover .kt-svg-icon {color:#0F8B8D!important;}<\/style>\n<div class=\"wp-block-kadence-icon kt-svg-icons kt-svg-icons_e51fb2-60 alignnone\" style=\"text-align:center\"><div class=\"kt-svg-style-default kt-svg-icon-wrap kt-svg-item-0\"><a href=\"https:\/\/ceam.cdtc.unb.br\/index.php\/historias-cruzadas\/hcpg92_mireya_suarez\/\" class=\"kt-svg-icon-link\"><div style=\"display:inline-flex;justify-content:center;align-items:center;color:#444444\" class=\"kt-svg-icon kt-svg-icon-fe_arrowRightCircle\"><svg style=\"display:inline-block;vertical-align:middle\" viewbox=\"0 0 24 24\" height=\"50\" width=\"50\" fill=\"none\" stroke=\"currentColor\" xmlns=\"http:\/\/www.w3.org\/2000\/svg\" stroke-width=\"2\" stroke-linecap=\"round\" stroke-linejoin=\"round\"><title>Pr\u00f3xima P\u00e1gina<\/title><circle cx=\"12\" cy=\"12\" r=\"10\"><\/circle><polyline points=\"12 16 16 12 12 8\"><\/polyline><line x1=\"8\" y1=\"12\" x2=\"16\" y2=\"12\"><\/line><\/svg><\/div><\/a><\/div><\/div>\n<\/div>\n<\/div>\n","protected":false},"excerpt":{"rendered":"<p>Milton Thiago de Mello &#8211; Autobiografia \u2026 <\/p>\n","protected":false},"author":2,"featured_media":0,"parent":77,"menu_order":0,"comment_status":"closed","ping_status":"closed","template":"","meta":{"footnotes":""},"class_list":["post-949","page","type-page","status-publish","hentry"],"_links":{"self":[{"href":"https:\/\/memoria.ceam.unb.br\/index.php\/wp-json\/wp\/v2\/pages\/949","targetHints":{"allow":["GET"]}}],"collection":[{"href":"https:\/\/memoria.ceam.unb.br\/index.php\/wp-json\/wp\/v2\/pages"}],"about":[{"href":"https:\/\/memoria.ceam.unb.br\/index.php\/wp-json\/wp\/v2\/types\/page"}],"author":[{"embeddable":true,"href":"https:\/\/memoria.ceam.unb.br\/index.php\/wp-json\/wp\/v2\/users\/2"}],"replies":[{"embeddable":true,"href":"https:\/\/memoria.ceam.unb.br\/index.php\/wp-json\/wp\/v2\/comments?post=949"}],"version-history":[{"count":4,"href":"https:\/\/memoria.ceam.unb.br\/index.php\/wp-json\/wp\/v2\/pages\/949\/revisions"}],"predecessor-version":[{"id":1073,"href":"https:\/\/memoria.ceam.unb.br\/index.php\/wp-json\/wp\/v2\/pages\/949\/revisions\/1073"}],"up":[{"embeddable":true,"href":"https:\/\/memoria.ceam.unb.br\/index.php\/wp-json\/wp\/v2\/pages\/77"}],"wp:attachment":[{"href":"https:\/\/memoria.ceam.unb.br\/index.php\/wp-json\/wp\/v2\/media?parent=949"}],"curies":[{"name":"wp","href":"https:\/\/api.w.org\/{rel}","templated":true}]}}

<div class="wp-block-image"><figure class="aligncenter size-large"><img loading="lazy" decoding="async" width="1024" height="27" src="https://ceam.cdtc.unb.br/wp-content/uploads/2021/09/cabecalho02_historias_cruzadas-1024x27.jpg" alt="" class="wp-image-554"/></figure></div>


<style id="kt-blocks_e6a06f-69">#kt-adv-heading_e6a06f-69, #kt-adv-heading_e6a06f-69 .wp-block-kadence-advancedheading, .wp-block-kadence-advancedheading.kt-adv-heading_e6a06f-69[data-kb-block="kb-adv-heading_e6a06f-69"], .kadence-advanced-heading-wrapper .kt-adv-heading_e6a06f-69[data-kb-block="kb-adv-heading_e6a06f-69"]{text-align:center;color:#167abe;}</style>
<h5 class="kt-adv-heading_e6a06f-69 wp-block-kadence-advancedheading" data-kb-block="kb-adv-heading_e6a06f-69">Milton Thiago de Mello &#8211; Autobiografia</h5>



<p></p>



<p></p>



<div class="wp-block-columns is-layout-flex wp-container-core-columns-is-layout-9d6595d7 wp-block-columns-is-layout-flex">
<div class="wp-block-column is-layout-flow wp-block-column-is-layout-flow" style="--col-width:5%;flex-basis:5%"></div>



<div class="wp-block-column is-layout-flow wp-block-column-is-layout-flow" style="--col-width:115%;flex-basis:115%">
<p>O Professor Milton Thiago de Mello nasceu em 5 de fevereiro de 1916 no Rio de Janeiro, Brasil.</p>



<p><br>Depois do curso secundário no Colégio Pedro II ingressou no Exército Brasileiro como<br>soldado e logo depois aluno da Escola de Veterinária do Exército.</p>



<p><br>Mais de 80 anos de sua vida foram dedicados a múltiplos aspectos da Profissão Veterinária.</p>



<p><br>Inicialmente trabalhando com cavalos no Exército Brasileiro e durante alguns anos em clínicas de pequenos animais. No Exército exerceu diversas funções enquanto efetuava pesquisas no Instituto Oswaldo Cruz sobre zoonoses e foi professor na Escola de Veterinária do Exército e no Colégio Militar do Rio de Janeiro.</p>



<p><br>Suas pesquisas mais importantes, durante décadas, foram concentradas em assuntos de microbiologia aplicada à saúde pública (brucelose, peste bubônica e outras zoonoses).</p>



<p><br>Depois de um período de pesquisas sobre brucelose como bolsista da Fundação Guggenheim na Universidade da Califórnia-Berkeley, tornou-se consultor internacional trabalhando muitos anos em vários organismos incluindo OMS, OPAS e FAO, com projetos em diversos países: Estados Unidos, México, El Salvador, Guatemala, Peru, Haiti e República Dominicana.</p>



<p><br>Retornando ao Brasil, continuou trabalhando ativamente em temas relacionados com bem-estar animal, meio ambiente e animais silvestres principalmente primatas, na Universidade de Brasília, onde foi Decano de Pesquisas e Pós-Graduação. Foi Presidente da Sociedade Brasileira de Primatologia recém fundada, Secretário para as Américas da Sociedade Internacional de Primatologia, iniciou a série de Congressos Brasileiros de Primatologia (atualmente o XV) e durante 25 anos realizou Cursos para graduados sobre primatologia e animais silvestres na Amazônia e outros biomas brasileiros.</p>



<p><br>Nos últimos anos sua atenção orientou-se para segurança alimentar com numerosos trabalhos e livros publicados sendo consultor para algumas agências governamentais.</p>



<p>Atualmente, na Presidência da Academia Brasileira de Medicina Veterinária em parceria com a Sociedade Nacional de Agricultura, o Prof. Milton continua em plena atividade fazendo palestras, escrevendo trabalhos e livros e participando de congressos nacionais e internacionais. Acaba de regressar da Turquia onde apresentou trabalho no 32º Congresso Mundial de Veterinária (setembro de 2015).</p>



<p><br>É Membro da “New York Academy of Sciences” e Emérito da “American Academy of Microbiology”. Membro Honorário da Sociedade Brasileira de Primatologia, da Associação Mico-Leão Dourado, da Associação de Antigos Funcionários Internacionais do Brasil (AAFIB) e da Associação Mundial de Veterinária; “Honorary Fellow” da “Zoological Society of London”.<br>Entre as muitas distinções recebidas, a mais recente foi o Prêmio John Gamgee, a máxima honraria da Profissão Veterinária, concedido durante o 31º Congresso Mundial de Veterinária (Praga, República Tcheca, setembro de 2013).</p>



<p><br><strong><em>Texto escrito e enviado pelo Professor Milton Thiago de Mello para a equipe deste projeto. Professor Milton completou 105 anos em fevereiro de 2021.</em></strong></p>
</div>



<div class="wp-block-column is-layout-flow wp-block-column-is-layout-flow" style="--col-width:5%;flex-basis:5%"></div>
</div>



<p></p>



<div class="wp-block-kadence-spacer aligncenter kt-block-spacer-_719787-fe"><div class="kt-block-spacer kt-block-spacer-halign-center" style="height:25px"><hr class="kt-divider" style="border-top-color:#eee;border-top-width:1px;width:80%;border-top-style:solid"/></div></div>



<div class="wp-block-columns is-layout-flex wp-container-core-columns-is-layout-9d6595d7 wp-block-columns-is-layout-flex">
<div class="wp-block-column is-layout-flow wp-block-column-is-layout-flow" style="--col-width:25%;flex-basis:25%"><style id="kt-blocks_c0e94d-9e">.kt-svg-icons_c0e94d-9e .kt-svg-item-0:hover .kt-svg-icon {color:#0F8B8D!important;}</style>
<div class="wp-block-kadence-icon kt-svg-icons kt-svg-icons_c0e94d-9e alignnone" style="text-align:center"><div class="kt-svg-style-default kt-svg-icon-wrap kt-svg-item-0"><a href="https://ceam.cdtc.unb.br/index.php/historias-cruzadas/hcpg90_milton_de_melloip/" class="kt-svg-icon-link"><div style="display:inline-flex;justify-content:center;align-items:center;color:#444444" class="kt-svg-icon kt-svg-icon-fe_arrowLeftCircle"><svg style="display:inline-block;vertical-align:middle" viewbox="0 0 24 24" height="50" width="50" fill="none" stroke="currentColor" xmlns="http://www.w3.org/2000/svg" stroke-width="2" stroke-linecap="round" stroke-linejoin="round"><title>Página Anterior</title><circle cx="12" cy="12" r="10"></circle><polyline points="12 8 8 12 12 16"></polyline><line x1="16" y1="12" x2="8" y2="12"></line></svg></div></a></div></div>
</div>



<div class="wp-block-column is-layout-flow wp-block-column-is-layout-flow" style="--col-width:50%;flex-basis:50%"></div>



<div class="wp-block-column is-layout-flow wp-block-column-is-layout-flow" style="--col-width:25%;flex-basis:25%"><style id="kt-blocks_e51fb2-60">.kt-svg-icons_e51fb2-60 .kt-svg-item-0:hover .kt-svg-icon {color:#0F8B8D!important;}</style>
<div class="wp-block-kadence-icon kt-svg-icons kt-svg-icons_e51fb2-60 alignnone" style="text-align:center"><div class="kt-svg-style-default kt-svg-icon-wrap kt-svg-item-0"><a href="https://ceam.cdtc.unb.br/index.php/historias-cruzadas/hcpg92_mireya_suarez/" class="kt-svg-icon-link"><div style="display:inline-flex;justify-content:center;align-items:center;color:#444444" class="kt-svg-icon kt-svg-icon-fe_arrowRightCircle"><svg style="display:inline-block;vertical-align:middle" viewbox="0 0 24 24" height="50" width="50" fill="none" stroke="currentColor" xmlns="http://www.w3.org/2000/svg" stroke-width="2" stroke-linecap="round" stroke-linejoin="round"><title>Próxima Página</title><circle cx="12" cy="12" r="10"></circle><polyline points="12 16 16 12 12 8"></polyline><line x1="8" y1="12" x2="16" y2="12"></line></svg></div></a></div></div>
</div>
</div>
