{"id":961,"date":"2021-09-23T19:16:04","date_gmt":"2021-09-23T22:16:04","guid":{"rendered":"https:\/\/ceam.cdtc.unb.br\/index.php\/historias-cruzadas\/hcpg10_aldo_paviani_rfcarta-2\/"},"modified":"2021-09-24T12:15:36","modified_gmt":"2021-09-24T15:15:36","slug":"hcpg94_mireya_suarez_mncarta","status":"publish","type":"page","link":"https:\/\/memoria.ceam.unb.br\/index.php\/historias-cruzadas\/hcpg94_mireya_suarez_mncarta\/","title":{"rendered":"hcpg94_mireya_suarez_MNcarta"},"content":{"rendered":"\n<div class=\"wp-block-image\"><figure class=\"aligncenter size-large\"><img loading=\"lazy\" decoding=\"async\" width=\"1024\" height=\"27\" src=\"https:\/\/ceam.cdtc.unb.br\/wp-content\/uploads\/2021\/09\/cabecalho01_historias_cruzadas-1024x27.jpg\" alt=\"\" class=\"wp-image-553\"\/><\/figure><\/div>\n\n\n<style id=\"kt-blocks_e6a06f-69\">#kt-adv-heading_e6a06f-69, #kt-adv-heading_e6a06f-69 .wp-block-kadence-advancedheading, .wp-block-kadence-advancedheading.kt-adv-heading_e6a06f-69[data-kb-block=\"kb-adv-heading_e6a06f-69\"], .kadence-advanced-heading-wrapper .kt-adv-heading_e6a06f-69[data-kb-block=\"kb-adv-heading_e6a06f-69\"]{text-align:center;color:#167abe;}<\/style>\n<h5 class=\"kt-adv-heading_e6a06f-69 wp-block-kadence-advancedheading\" data-kb-block=\"kb-adv-heading_e6a06f-69\">Mireya Suarez &#8211; CARTA DE UMA AMIGA por M\u00f4nica Nogueira<\/h5>\n\n\n\n<p><\/p>\n\n\n\n<p><\/p>\n\n\n\n<div class=\"wp-block-columns is-layout-flex wp-container-core-columns-is-layout-9d6595d7 wp-block-columns-is-layout-flex\">\n<div class=\"wp-block-column is-layout-flow wp-block-column-is-layout-flow\" style=\"--col-width:5%;flex-basis:5%\"><\/div>\n\n\n\n<div class=\"wp-block-column is-layout-flow wp-block-column-is-layout-flow\" style=\"--col-width:110%;flex-basis:110%\">\n<p>Cara professora,<\/p>\n\n\n\n<p><br>N\u00e3o creio que voc\u00ea se lembre de mim. Fui estudante do departamento de antropologia na d\u00e9cada de 1990. Lamento n\u00e3o termos nos conhecido melhor naquela ocasi\u00e3o. Tenho uma vaga lembran\u00e7a da reuni\u00e3o de um n\u00facleo de estudos sobre os sert\u00f5es, Norte e Nordeste, em que estivemos juntas. Eu era, ent\u00e3o, assistente da professora Eur\u00edpedes Dias.<\/p>\n\n\n\n<p><br>Anos depois, me beneficiei enormemente de seus escritos sobre os sert\u00f5es. Pude apreci\u00e1-los e tram\u00e1-los aos meus pr\u00f3prios escritos sobre os Gerais. Mas essa \u00e9 uma outra hist\u00f3ria. A carta hoje \u00e9 para falar de n\u00f3s, mulheres, outro dos seus muitos campos de interesse e em que suas contribui\u00e7\u00f5es foram sempre fundamentais.<\/p>\n\n\n\n<p><br>Conto aqui, mui rapidamente, de nossos avan\u00e7os e retrocessos. Como sabe, temos pela primeira vez uma reitora mulher na Universidade de Bras\u00edlia, M\u00e1rcia Abrah\u00e3o. O que talvez voc\u00ea n\u00e3o saiba \u00e9 que ela se candidatou \u00e0 reelei\u00e7\u00e3o. Com 54% dos votos de nossa comunidade, ela luta agora para ser nomeada.<\/p>\n\n\n\n<p><br>Voltamos a tempos dif\u00edceis, como sabe, desde o golpe contra Dilma. N\u00e3o por acaso, contra ela. Desde ent\u00e3o, a barb\u00e1rie nos ronda e defender o \u00f3bvio tornou-se of\u00edcio de todas n\u00f3s. S\u00e3o muitos os embates e as not\u00edcias do desmonte. A \u00faltima, d\u00f3i relatar: o caso da jovem Mari Ferrer.<\/p>\n\n\n\n<p><br>V\u00edtima duas vezes \u2013 sen\u00e3o mais -, essa jovem foi estuprada por um rapaz da elite catarinense e, h\u00e1 poucos dias, submetida ao flagelo p\u00fablico, sob o comando de um juiz, um promotor e o advogado de defesa (de seu algoz). Uma confraria de homens em posi\u00e7\u00e3o de poder, contra uma jovem de 21 anos, bradando o velho argumento: a culpa \u00e9 sempre da mulher! Mas agora deram ares de categoria jur\u00eddica a essa m\u00e1xima mis\u00f3gina: estupro culposo. Um estupro sem inten\u00e7\u00e3o.<\/p>\n\n\n\n<p><br>Muitas de n\u00f3s mal podem dormir com essa, desde que foram postadas nas redes sociais as filmagens desse julgamento \u00e0s avessas. Ardemos em indigna\u00e7\u00e3o. Muitas j\u00e1 foram \u00e0s ruas, outras escreveram manifestos, artigos de opini\u00e3o, convocamos ao movimento: mexeu com uma, mexeu com todas!<\/p>\n\n\n\n<p><br>Na UnB, seguimos tamb\u00e9m em afazeres de mudan\u00e7a. Com a reitora, h\u00e1 outras mulheres em posi\u00e7\u00f5es importantes, decanas, diretoras. Vimos elaborando e implementando novas pol\u00edticas na institui\u00e7\u00e3o, atentas aos desafios da maternidade, \u00e0s tantas formas de ass\u00e9dio de que somos v\u00edtimas dia a dia, ao necess\u00e1rio combate \u00e0 viol\u00eancia contra uma, contra todas, ao empoderamento de todas n\u00f3s. Afinal, trata-se de estabelecer o \u201cpoder para\u201d e o \u201cpoder com\u201d que, como boas feministas, buscamos construir e experienciar.<\/p>\n\n\n\n<p><br>Planejamos estabelecer, agora, um amplo f\u00f3rum de interlocu\u00e7\u00e3o entre n\u00f3s, para integrar n\u00facleos, projetos, mulheres estudantes, professoras e t\u00e9cnicas; tamb\u00e9m intersetorial: a institui\u00e7\u00e3o e as entidades de representa\u00e7\u00e3o, DCE, ADUnB, Sintfub. Um espa\u00e7o independente, agregador e propositivo. Sabemos que, nesses tempos, as universidades podem ser ref\u00fagio, espa\u00e7o de re-exist\u00eancia e co-cria\u00e7\u00e3o do novo, de tempos mulheres que vir\u00e3o \u2013 essa boa express\u00e3o que surgiu na cena p\u00fablica recentemente.<\/p>\n\n\n\n<p><br>Ser\u00e1 bom poder contar com sua inspira\u00e7\u00e3o nesses tempos. O seu pensamento e exemplo nos guiam nessa jornada desde sempre. Sentimos sua presen\u00e7a, sua inquietude, que tamb\u00e9m \u00e9 nossa. Bandeira que acena do alto, ao vento, sua for\u00e7a \u00e9 guia.<\/p>\n\n\n\n<p><br><strong><em>Abra\u00e7os, com carinho e admira\u00e7\u00e3o.<br>M\u00f4nica Nogueira<\/em><\/strong><\/p>\n<\/div>\n\n\n\n<div class=\"wp-block-column is-layout-flow wp-block-column-is-layout-flow\" style=\"--col-width:5%;flex-basis:5%\"><\/div>\n<\/div>\n\n\n\n<p><\/p>\n\n\n\n<div class=\"wp-block-kadence-spacer aligncenter kt-block-spacer-_719787-fe\"><div class=\"kt-block-spacer kt-block-spacer-halign-center\" style=\"height:25px\"><hr class=\"kt-divider\" style=\"border-top-color:#eee;border-top-width:1px;width:80%;border-top-style:solid\"\/><\/div><\/div>\n\n\n\n<div class=\"wp-block-columns is-layout-flex wp-container-core-columns-is-layout-9d6595d7 wp-block-columns-is-layout-flex\">\n<div class=\"wp-block-column is-layout-flow wp-block-column-is-layout-flow\" style=\"--col-width:25%;flex-basis:25%\"><style id=\"kt-blocks_c0e94d-9e\">.kt-svg-icons_c0e94d-9e .kt-svg-item-0:hover .kt-svg-icon {color:#0F8B8D!important;}<\/style>\n<div class=\"wp-block-kadence-icon kt-svg-icons kt-svg-icons_c0e94d-9e alignnone\" style=\"text-align:center\"><div class=\"kt-svg-style-default kt-svg-icon-wrap kt-svg-item-0\"><a href=\"https:\/\/ceam.cdtc.unb.br\/index.php\/historias-cruzadas\/hcpg93_mireya_suarezcpo\/\" class=\"kt-svg-icon-link\"><div style=\"display:inline-flex;justify-content:center;align-items:center;color:#444444\" class=\"kt-svg-icon kt-svg-icon-fe_arrowLeftCircle\"><svg style=\"display:inline-block;vertical-align:middle\" viewbox=\"0 0 24 24\" height=\"50\" width=\"50\" fill=\"none\" stroke=\"currentColor\" xmlns=\"http:\/\/www.w3.org\/2000\/svg\" stroke-width=\"2\" stroke-linecap=\"round\" stroke-linejoin=\"round\"><title>P\u00e1gina Anterior<\/title><circle cx=\"12\" cy=\"12\" r=\"10\"><\/circle><polyline points=\"12 8 8 12 12 16\"><\/polyline><line x1=\"16\" y1=\"12\" x2=\"8\" y2=\"12\"><\/line><\/svg><\/div><\/a><\/div><\/div>\n<\/div>\n\n\n\n<div class=\"wp-block-column is-layout-flow wp-block-column-is-layout-flow\" style=\"--col-width:50%;flex-basis:50%\"><\/div>\n\n\n\n<div class=\"wp-block-column is-layout-flow wp-block-column-is-layout-flow\" style=\"--col-width:25%;flex-basis:25%\"><style id=\"kt-blocks_e51fb2-60\">.kt-svg-icons_e51fb2-60 .kt-svg-item-0:hover .kt-svg-icon {color:#0F8B8D!important;}<\/style>\n<div class=\"wp-block-kadence-icon kt-svg-icons kt-svg-icons_e51fb2-60 alignnone\" style=\"text-align:center\"><div class=\"kt-svg-style-default kt-svg-icon-wrap kt-svg-item-0\"><a href=\"https:\/\/ceam.cdtc.unb.br\/index.php\/historias-cruzadas\/hcpg95_mireya_suarezym\/\" class=\"kt-svg-icon-link\"><div style=\"display:inline-flex;justify-content:center;align-items:center;color:#444444\" class=\"kt-svg-icon kt-svg-icon-fe_arrowRightCircle\"><svg style=\"display:inline-block;vertical-align:middle\" viewbox=\"0 0 24 24\" height=\"50\" width=\"50\" fill=\"none\" stroke=\"currentColor\" xmlns=\"http:\/\/www.w3.org\/2000\/svg\" stroke-width=\"2\" stroke-linecap=\"round\" stroke-linejoin=\"round\"><title>Pr\u00f3xima P\u00e1gina<\/title><circle cx=\"12\" cy=\"12\" r=\"10\"><\/circle><polyline points=\"12 16 16 12 12 8\"><\/polyline><line x1=\"8\" y1=\"12\" x2=\"16\" y2=\"12\"><\/line><\/svg><\/div><\/a><\/div><\/div>\n<\/div>\n<\/div>\n","protected":false},"excerpt":{"rendered":"<p>Mireya Suarez &#8211; CARTA DE UMA \u2026 <\/p>\n","protected":false},"author":2,"featured_media":0,"parent":77,"menu_order":0,"comment_status":"closed","ping_status":"closed","template":"","meta":{"footnotes":""},"class_list":["post-961","page","type-page","status-publish","hentry"],"_links":{"self":[{"href":"https:\/\/memoria.ceam.unb.br\/index.php\/wp-json\/wp\/v2\/pages\/961","targetHints":{"allow":["GET"]}}],"collection":[{"href":"https:\/\/memoria.ceam.unb.br\/index.php\/wp-json\/wp\/v2\/pages"}],"about":[{"href":"https:\/\/memoria.ceam.unb.br\/index.php\/wp-json\/wp\/v2\/types\/page"}],"author":[{"embeddable":true,"href":"https:\/\/memoria.ceam.unb.br\/index.php\/wp-json\/wp\/v2\/users\/2"}],"replies":[{"embeddable":true,"href":"https:\/\/memoria.ceam.unb.br\/index.php\/wp-json\/wp\/v2\/comments?post=961"}],"version-history":[{"count":3,"href":"https:\/\/memoria.ceam.unb.br\/index.php\/wp-json\/wp\/v2\/pages\/961\/revisions"}],"predecessor-version":[{"id":1076,"href":"https:\/\/memoria.ceam.unb.br\/index.php\/wp-json\/wp\/v2\/pages\/961\/revisions\/1076"}],"up":[{"embeddable":true,"href":"https:\/\/memoria.ceam.unb.br\/index.php\/wp-json\/wp\/v2\/pages\/77"}],"wp:attachment":[{"href":"https:\/\/memoria.ceam.unb.br\/index.php\/wp-json\/wp\/v2\/media?parent=961"}],"curies":[{"name":"wp","href":"https:\/\/api.w.org\/{rel}","templated":true}]}}